{"id":1446,"date":"2024-03-22T15:35:44","date_gmt":"2024-03-22T15:35:44","guid":{"rendered":"https:\/\/alexmendozalaw.com\/abogado\/?page_id=1446"},"modified":"2025-12-24T01:06:12","modified_gmt":"2025-12-24T06:06:12","slug":"acusacionescriminales","status":"publish","type":"page","link":"https:\/\/alexmendozalaw.com\/abogado\/acusacionescriminales\/","title":{"rendered":"Acusaciones criminales"},"content":{"rendered":"\r\n<p>Alex Mendoza Law<\/p>\r\n<h1>Acusaciones Criminales Indianapolis, IN<\/h1>\r\n<p>Alex Mendoza ayuda a personas que han sido acusadas de un crimen.Las acusaciones criminales afectan a muchas personas inocentes, incluso a personas que no cometieron el delito. Todos son inocentes hasta que se demuestre su culpabilidad m\u00e1s all\u00e1 de una duda razonable. Ese es un est\u00e1ndar muy alto, y nuestro trabajo es demostrar que el fiscal no puede cumplir con ese par\u00e1metro. Nuestra firma entiende que tu libertad es preciada para ti y tus seres queridos. Alex Mendoza se compromete a construir el caso m\u00e1s s\u00f3lido posible para nuestros clientes. Si t\u00fa o un ser querido ha sido acusado de un crimen, no dudes en llamar al <strong><a href=\"tel:+12192002000\">(219) 200-2000<\/a><\/strong> o enviarnos un correo electr\u00f3nico a <strong><a href=\"mailto:mail:info@alexmendozalaw.com\" target=\"_blank\" rel=\"noopener\">info@alexmendozalaw.com<\/a><\/strong> para una CONSULTA GRATUITA<\/p>\r\n<p><a role=\"button\" href=\"https:\/\/bit.ly\/alexmendozalawonlinebooking\" target=\"_blank\" rel=\"noopener\" aria-label=\"\u00bfCu\u00e1nto vale su caso?\"> \u00bfCu\u00e1nto vale su caso? <\/a> Acusaciones Criminales<\/p>\r\n<h2>Conseguir un Abogado<\/h2>\r\n<form id=\"gform_1\" action=\"https:\/\/alexmendozalaw.com\/abogado\/acusacionescriminales\/?fl_builder&amp;fl_builder_ui_iframe#gf_1\" enctype=\"multipart\/form-data\" method=\"post\" novalidate=\"\" target=\"gform_ajax_frame_1\" data-formid=\"1\"><label class=\"gfield_label gform-field-label\" for=\"input_1_1\">Name(Required)<\/label><input id=\"input_1_1\" class=\"large\" tabindex=\"100\" name=\"input_1\" type=\"text\" value=\"\" placeholder=\"Nombre*\" aria-required=\"true\" aria-invalid=\"false\" \/><label class=\"gfield_label gform-field-label\" for=\"input_1_6\">Phone(Required)<\/label><input id=\"input_1_6\" class=\"large\" tabindex=\"101\" name=\"input_6\" type=\"tel\" value=\"\" placeholder=\"Tel\u00e9fono*\" aria-required=\"true\" aria-invalid=\"false\" \/><label class=\"gfield_label gform-field-label\" for=\"input_1_4\">Email(Required)<\/label> <input id=\"input_1_4\" class=\"large\" tabindex=\"102\" name=\"input_4\" type=\"email\" value=\"\" placeholder=\"Correo electr\u00f3nico*\" aria-required=\"true\" aria-invalid=\"false\" \/> <label class=\"gfield_label gform-field-label\" for=\"input_1_5\">Message(Required)<\/label><textarea id=\"input_1_5\" class=\"textarea small\" tabindex=\"103\" cols=\"50\" name=\"input_5\" rows=\"10\" placeholder=\"Mensaje*\" aria-required=\"true\" aria-invalid=\"false\"><\/textarea><fieldset id=\"field_1_8\"><legend class=\"gfield_label gform-field-label gfield_label_before_complex\">Consent(Required)<\/legend><input id=\"input_1_8_1\" tabindex=\"104\" name=\"input_8.1\" type=\"checkbox\" value=\"1\" aria-required=\"true\" aria-invalid=\"false\" \/> <label for=\"input_1_8_1\">Al marcar esta casilla, acepto recibir mensajes de texto de Alex Mendoza Law en este n\u00famero de tel\u00e9fono m\u00f3vil.(Required)<\/label><input class=\"gform_hidden\" name=\"input_8.2\" type=\"hidden\" value=\"Al marcar esta casilla, acepto recibir mensajes de texto de Alex Mendoza Law en este n\u00famero de tel\u00e9fono m\u00f3vil.\" \/><input class=\"gform_hidden\" name=\"input_8.3\" type=\"hidden\" value=\"3\" \/><\/fieldset><label class=\"gfield_label gform-field-label\" for=\"input_1_7\">CAPTCHA<\/label> <input id=\"gform_submit_button_1\" class=\"gform_button button\" tabindex=\"105\" type=\"submit\" value=\"Entregar\" data-submission-type=\"submit\" \/> <input name=\"gform_ajax\" type=\"hidden\" value=\"form_id=1&amp;title=&amp;description=&amp;tabindex=100&amp;theme=gravity-theme&amp;styles=[]&amp;hash=17c5149e0a6d9b0b96ca17d0de4c0b79\" \/> <input class=\"gform_hidden\" name=\"gform_submission_method\" type=\"hidden\" value=\"iframe\" data-js=\"gform_submission_method_1\" \/> <input id=\"gform_theme_1\" class=\"gform_hidden\" name=\"gform_theme\" type=\"hidden\" value=\"gravity-theme\" data-js=\"gform_theme_1\" \/> <input id=\"gform_style_settings_1\" class=\"gform_hidden\" name=\"gform_style_settings\" type=\"hidden\" value=\"[]\" data-js=\"gform_style_settings_1\" \/> <input class=\"gform_hidden\" name=\"is_submit_1\" type=\"hidden\" value=\"1\" \/> <input class=\"gform_hidden\" name=\"gform_submit\" type=\"hidden\" value=\"1\" \/> <input class=\"gform_hidden\" name=\"gform_unique_id\" type=\"hidden\" value=\"\" \/> <input class=\"gform_hidden\" name=\"state_1\" type=\"hidden\" value=\"WyJ7XCI4LjFcIjpcIjJiMjhkZTZlNDA0MmI4M2RkZDA2OWE1ODEzOGQ2MDM2XCIsXCI4LjJcIjpcIjhiNzIyZThmNzVhYWY4ZTUzNzIxMDE4YWU0OWQ1Mjk2XCIsXCI4LjNcIjpcImQ0OTdiOGZiYzdiOWVmZjRhMmQxNDIzMTJiYWYzMjhlXCJ9IiwiMmEyYTAzMWQzMGY5NDU0MzhhMDY5Yzc2Mzg4OTdjM2EiXQ==\" \/> <input id=\"gform_target_page_number_1\" class=\"gform_hidden\" autocomplete=\"off\" name=\"gform_target_page_number_1\" type=\"hidden\" value=\"0\" \/> <input id=\"gform_source_page_number_1\" class=\"gform_hidden\" autocomplete=\"off\" name=\"gform_source_page_number_1\" type=\"hidden\" value=\"1\" \/> <input name=\"gform_field_values\" type=\"hidden\" value=\"\" \/><\/form>\r\n<p><iframe id=\"gform_ajax_frame_1\" style=\"display: none; width: 0px; height: 0px;\" title=\"This iframe contains the logic required to handle Ajax powered Gravity Forms.\" src=\"about:blank\" name=\"gform_ajax_frame_1\"><\/iframe> <img decoding=\"async\" title=\"Handcuffed Man\" src=\"https:\/\/alexmendozalaw.com\/abogado\/wp-content\/uploads\/sites\/2\/bb-plugin\/cache\/arrested-square.jpg\" alt=\"Offender with his hands in handcuffs\" width=\"700\" height=\"467\" \/> <img decoding=\"async\" title=\"Sep-M.png\" src=\"https:\/\/alexmendozalaw.com\/wp-content\/uploads\/2024\/02\/Sep-M.png.png\" alt=\"Sep-M.png\" width=\"130\" height=\"44\" \/><\/p>\r\n<h2>Delitos De Transito \/ Multas<\/h2>\r\n<p>Si ha sido acusado de un delito de tr\u00e1nsito, debe tomarlo muy en serio. Algunos delitos de tr\u00e1nsito como manejar sin licencia y manejar con licencia suspendida se consideran delitos penales. Adem\u00e1s, si acumula condenas por delitos de tr\u00e1nsito, es posible que lo acusen de ser un Infractor de Tr\u00e1nsito Habitual (HTV) u Ofensor de Tr\u00e1nsito Habitual (HTO), lo que podr\u00eda llevar a la suspensi\u00f3n de su licencia por 10 a\u00f1os.<\/p>\r\n<h2>Otras Acusaciones Y Ofensas Penales<\/h2>\r\n<p>Alex Mendoza Abogados maneja una variedad de casos penales, desde delitos menores hasta delitos graves. Si ha sido acusado de un delito, usted necesita un abogado penal agresivo como Alex Mendoza.<\/p>\r\n<p>Antes de hablar con la polic\u00eda \/ autoridades ases\u00f3rese con nosotros y recuerde: siempre tiene el derecho de hablar con un abogado. No dude en llamar al <strong><a href=\"tel:+12192002000\">(219) 200-2000<\/a><\/strong> o enviarnos un correo electr\u00f3nico a <strong><a href=\"mailto:info@alexmendozalaw.com\">info@alexmendozalaw.com<\/a><\/strong> y nosotros evaluaremos tu caso.<\/p>\r\n<p><img decoding=\"async\" src=\"https:\/\/alexmendozalaw.com\/wp-content\/uploads\/2024\/02\/Sep-M.png.png\" alt=\"\" \/><\/p>\r\n<h2><b>Por Qu\u00e9 Necesitas Un Abogado Penal Experimentado<\/b><\/h2>\r\n<p>Cuando te enfrentas a las graves consecuencias de posibles sanciones o encarcelamiento, contratar los servicios de un abogado de defensa criminal experimentado se vuelve imperativo. Cada caso penal es \u00fanico, y un abogado h\u00e1bil puede identificar h\u00e1bilmente argumentos y factores convincentes que podr\u00edan llevar al rechazo de los cargos relacionados con el presunto delito.<\/p>\r\n<p><b>El Rol De Un Abogado De Defensa Criminal en La Obtenci\u00f3n De &#8220;acuerdos&#8221; O &#8220;tratos&#8221;<\/b><\/p>\r\n<p>Un abogado de defensa criminal competente puede impactar significativamente en la sentencia a trav\u00e9s de la negociaci\u00f3n de &#8220;acuerdos&#8221; con la parte acusadora. Tales negociaciones pueden no solo resultar en sentencias reducidas, sino que en algunos casos incluso pueden eliminar por completo ciertos cargos. Si fuera declarado culpable, un abogado h\u00e1bil puede abogar por un tiempo de servicio reducido o la inscripci\u00f3n en un programa de rehabilitaci\u00f3n, con el objetivo de prevenir futuras implicaciones en el sistema de justicia penal. Durante las consultas sobre su caso, un abogado de defensa criminal puede ofrecer consejos expertos sobre el mejor curso de acci\u00f3n para minimizar su sentencia, a veces sugiriendo que declararse culpable puede llevar a una sentencia m\u00e1s corta.<\/p>\r\n<p><img decoding=\"async\" title=\"Judge's,Gavel,,Handcuffs,And,Criminal,Law,Book,On,White,Wooden\" src=\"https:\/\/alexmendozalaw.com\/abogado\/wp-content\/uploads\/sites\/2\/bb-plugin\/cache\/shutterstock_1549604996-scaled-1-2048x1366-1-square.jpg\" alt=\"Judge's,Gavel,,Handcuffs,And,Criminal,Law,Book,On,White,Wooden\" width=\"2048\" height=\"1366\" \/> <img decoding=\"async\" title=\"how-to-defend-yourself-against-false-accusations-of-a-crime-1\" src=\"https:\/\/alexmendozalaw.com\/abogado\/wp-content\/uploads\/sites\/2\/bb-plugin\/cache\/how-to-defend-yourself-against-false-accusations-of-a-crime-1-square.jpg\" alt=\"how-to-defend-yourself-against-false-accusations-of-a-crime-1\" width=\"740\" height=\"450\" \/><\/p>\r\n<h2>APOYO EMOCIONAL Brindado por su Abogado de Defensa Criminal<\/h2>\r\n<p>Aunque un abogado de defensa criminal no es un terapeuta, puede brindar una asistencia valiosa para ayudarle a sobrellevar la agitaci\u00f3n emocional que a menudo est\u00e1 asociada con los juicios penales. Al explicar las realidades del sistema legal y prepararse para posibles desaf\u00edos durante el juicio, pueden aliviar algunas de las cargas emocionales. Con su profundo conocimiento del proceso legal, su abogado tambi\u00e9n puede guiarle a trav\u00e9s de las reglas y regulaciones judiciales, y los intrincados caminos del sistema. Adem\u00e1s, su comprensi\u00f3n de las &#8220;reglas no escritas&#8221; puede desempe\u00f1ar un papel crucial en la obtenci\u00f3n de una sentencia reducida.<br \/>Act\u00fae R\u00e1pidamente: Consulte con nosotros y obtendr\u00e1 un Abogado de Defensa Criminal efectivo y con gran experiencia que actuar\u00e1 acorde a lo que necesite.<br \/>Por eso, si enfrenta cargos criminales y la posibilidad de tiempo en prisi\u00f3n, buscar el consejo de un abogado de defensa criminal debe ser su m\u00e1xima prioridad. Es crucial actuar r\u00e1pidamente en tales situaciones. Le instamos a que contacte a Alex Mendoza hoy mismo para proteger sus derechos y explorar la mejor estrategia de defensa posible. <a role=\"button\" href=\"https:\/\/bit.ly\/alexmendozalawonlinebooking\" target=\"_blank\" rel=\"noopener\" aria-label=\"Contacta con nosotros\"> Contacta con nosotros <\/a><\/p>\r\n<h2>Luchemos juntos<\/h2>\r\n<p><a href=\"https:\/\/bit.ly\/alexmendozalawonlinebooking\" target=\"_blank\" rel=\"noopener\"> <img decoding=\"async\" src=\"https:\/\/alexmendozalaw.com\/wp-content\/uploads\/2024\/03\/Cert-Top-Rated.png\" alt=\"\" \/><\/a><\/p>\r\n<h3>Los m\u00e1s valorados<\/h3>\r\n<p><a href=\"https:\/\/bit.ly\/alexmendozalawonlinebooking\" target=\"_blank\" rel=\"noopener\"> <img decoding=\"async\" src=\"https:\/\/alexmendozalaw.com\/wp-content\/uploads\/2024\/02\/civil-right-1.png\" alt=\"\" \/><\/a><\/p>\r\n<h3>Garant\u00eda de \u00e9xito del caso<\/h3>\r\n<p><a href=\"https:\/\/bit.ly\/alexmendozalawonlinebooking\" target=\"_blank\" rel=\"noopener\"> <img decoding=\"async\" src=\"https:\/\/alexmendozalaw.com\/wp-content\/uploads\/2024\/03\/rely.png\" alt=\"\" \/><\/a><\/p>\r\n<h3>Confianza del cliente<\/h3>\r\n<h2>Servicios Relacionados<\/h2>\r\n<p><a href=\"\/abogado\/lesiones-personales\/\" target=\"_self\" aria-label=\"Ley de Lesiones\"> <img decoding=\"async\" src=\"https:\/\/alexmendozalaw.com\/wp-content\/uploads\/2024\/02\/Injury-icon.png\" alt=\"\" \/> <\/a><\/p>\r\n<h3>Ley de Lesiones<\/h3>\r\n<p>Ya sea que haya sido lesionado por negligencia o actos intencionales, nuestros abogados poseen la experiencia para defender su caso.<\/p>\r\n<p><a role=\"button\" href=\"\/abogado\/lesiones-personales\/\" target=\"_self\"> Aprende m\u00e1s <\/a> <a href=\"\/abogado\/accidente-de-autos\/\" target=\"_self\" aria-label=\"Accidentes Automovil\u00edsticos\"> <img decoding=\"async\" src=\"https:\/\/alexmendozalaw.com\/wp-content\/uploads\/2024\/02\/car-accident-icon.png\" alt=\"\" \/> <\/a><\/p>\r\n<h3>Accidentes Automovil\u00edsticos<\/h3>\r\n<p>Nuestro equipo capacitado ofrece apoyo incansable y perspicacia legal despu\u00e9s de accidentes, asegurando que su voz sea escuchada.<\/p>\r\n<p><a role=\"button\" href=\"\/abogado\/accidente-de-autos\/\" target=\"_self\"> Aprende m\u00e1s <\/a> <a href=\"\/abogado\/acusacionescriminales\/\" target=\"_self\" aria-label=\"Acusaciones Criminales\"> <img decoding=\"async\" src=\"https:\/\/alexmendozalaw.com\/wp-content\/uploads\/2024\/03\/Criminal-mis.png\" alt=\"\" \/> <\/a><\/p>\r\n<h3>Acusaciones Criminales<\/h3>\r\n<p>Alex Mendoza Law est\u00e1 comprometido a construir el caso m\u00e1s s\u00f3lido posible para nuestros clientes. Si usted o un ser querido ha sido acusado de un delito.<\/p>\r\n<p><a role=\"button\" href=\"\/abogado\/acusacionescriminales\/\" target=\"_self\"> Aprende m\u00e1s <\/a><\/p>\r\n","protected":false},"excerpt":{"rendered":"<p>Alex Mendoza Law Acusaciones Criminales Indianapolis, IN Alex Mendoza ayuda a personas que han sido acusadas de un crimen.Las acusaciones criminales afectan a muchas personas inocentes, incluso a personas que no cometieron el delito. Todos son inocentes hasta que se demuestre su culpabilidad m\u00e1s all\u00e1 de una duda razonable. Ese es un est\u00e1ndar muy alto,&hellip;<\/p>\n","protected":false},"author":12,"featured_media":2025,"parent":0,"menu_order":0,"comment_status":"closed","ping_status":"closed","template":"","meta":{"footnotes":""},"class_list":["post-1446","page","type-page","status-publish","has-post-thumbnail","hentry"],"yoast_head":"<!-- This site is optimized with the Yoast SEO plugin v27.5 - https:\/\/yoast.com\/product\/yoast-seo-wordpress\/ -->\n<title>Abogados de Defensa Criminal | Indian\u00e1polis, IN<\/title>\n<meta name=\"description\" content=\"\u00bfAcusado de un delito? Asegura tu defensa con Alex Mendoza Law, tu abogado de defensa criminal comprometido a proteger tus derechos legales. Cont\u00e1ctanos hoy mismo.\" \/>\n<meta name=\"robots\" content=\"index, follow, max-snippet:-1, max-image-preview:large, max-video-preview:-1\" \/>\n<link rel=\"canonical\" href=\"https:\/\/alexmendozalaw.com\/abogado\/acusacionescriminales\/\" \/>\n<meta property=\"og:locale\" content=\"en_US\" \/>\n<meta property=\"og:type\" content=\"article\" \/>\n<meta property=\"og:title\" content=\"Abogados de Defensa Criminal | Indian\u00e1polis, IN\" \/>\n<meta property=\"og:description\" content=\"\u00bfAcusado de un delito? Asegura tu defensa con Alex Mendoza Law, tu abogado de defensa criminal comprometido a proteger tus derechos legales. Cont\u00e1ctanos hoy mismo.\" \/>\n<meta property=\"og:url\" content=\"https:\/\/alexmendozalaw.com\/abogado\/acusacionescriminales\/\" \/>\n<meta property=\"og:site_name\" content=\"Alex Mendoza Spanish\" \/>\n<meta property=\"article:publisher\" content=\"https:\/\/www.facebook.com\/AlexMendozaAttorney\/\" \/>\n<meta property=\"article:modified_time\" content=\"2025-12-24T06:06:12+00:00\" \/>\n<meta property=\"og:image\" content=\"https:\/\/alexmendozalaw.com\/abogado\/wp-content\/uploads\/sites\/2\/2024\/04\/dark-logo-alex-mendoza.png\" \/>\n\t<meta property=\"og:image:width\" content=\"745\" \/>\n\t<meta property=\"og:image:height\" content=\"188\" \/>\n\t<meta property=\"og:image:type\" content=\"image\/png\" \/>\n<meta name=\"twitter:card\" content=\"summary_large_image\" \/>\n<meta name=\"twitter:label1\" content=\"Est. reading time\" \/>\n\t<meta name=\"twitter:data1\" content=\"8 minutes\" \/>\n<script type=\"application\/ld+json\" class=\"yoast-schema-graph\">{\"@context\":\"https:\\\/\\\/schema.org\",\"@graph\":[{\"@type\":\"WebPage\",\"@id\":\"https:\\\/\\\/alexmendozalaw.com\\\/abogado\\\/acusacionescriminales\\\/\",\"url\":\"https:\\\/\\\/alexmendozalaw.com\\\/abogado\\\/acusacionescriminales\\\/\",\"name\":\"Abogados de Defensa Criminal | Indian\u00e1polis, IN\",\"isPartOf\":{\"@id\":\"https:\\\/\\\/alexmendozalaw.com\\\/abogado\\\/#website\"},\"primaryImageOfPage\":{\"@id\":\"https:\\\/\\\/alexmendozalaw.com\\\/abogado\\\/acusacionescriminales\\\/#primaryimage\"},\"image\":{\"@id\":\"https:\\\/\\\/alexmendozalaw.com\\\/abogado\\\/acusacionescriminales\\\/#primaryimage\"},\"thumbnailUrl\":\"https:\\\/\\\/alexmendozalaw.com\\\/abogado\\\/wp-content\\\/uploads\\\/sites\\\/2\\\/2024\\\/04\\\/dark-logo-alex-mendoza.png\",\"datePublished\":\"2024-03-22T15:35:44+00:00\",\"dateModified\":\"2025-12-24T06:06:12+00:00\",\"description\":\"\u00bfAcusado de un delito? Asegura tu defensa con Alex Mendoza Law, tu abogado de defensa criminal comprometido a proteger tus derechos legales. Cont\u00e1ctanos hoy mismo.\",\"breadcrumb\":{\"@id\":\"https:\\\/\\\/alexmendozalaw.com\\\/abogado\\\/acusacionescriminales\\\/#breadcrumb\"},\"inLanguage\":\"en-US\",\"potentialAction\":[{\"@type\":\"ReadAction\",\"target\":[\"https:\\\/\\\/alexmendozalaw.com\\\/abogado\\\/acusacionescriminales\\\/\"]}]},{\"@type\":\"ImageObject\",\"inLanguage\":\"en-US\",\"@id\":\"https:\\\/\\\/alexmendozalaw.com\\\/abogado\\\/acusacionescriminales\\\/#primaryimage\",\"url\":\"https:\\\/\\\/alexmendozalaw.com\\\/abogado\\\/wp-content\\\/uploads\\\/sites\\\/2\\\/2024\\\/04\\\/dark-logo-alex-mendoza.png\",\"contentUrl\":\"https:\\\/\\\/alexmendozalaw.com\\\/abogado\\\/wp-content\\\/uploads\\\/sites\\\/2\\\/2024\\\/04\\\/dark-logo-alex-mendoza.png\",\"width\":745,\"height\":188,\"caption\":\"Alex-Mendoza Law Logo\"},{\"@type\":\"BreadcrumbList\",\"@id\":\"https:\\\/\\\/alexmendozalaw.com\\\/abogado\\\/acusacionescriminales\\\/#breadcrumb\",\"itemListElement\":[{\"@type\":\"ListItem\",\"position\":1,\"name\":\"Home\",\"item\":\"https:\\\/\\\/alexmendozalaw.com\\\/abogado\\\/\"},{\"@type\":\"ListItem\",\"position\":2,\"name\":\"Acusaciones criminales\"}]},{\"@type\":\"WebSite\",\"@id\":\"https:\\\/\\\/alexmendozalaw.com\\\/abogado\\\/#website\",\"url\":\"https:\\\/\\\/alexmendozalaw.com\\\/abogado\\\/\",\"name\":\"Alex Mendoza Spanish\",\"description\":\"\",\"potentialAction\":[{\"@type\":\"SearchAction\",\"target\":{\"@type\":\"EntryPoint\",\"urlTemplate\":\"https:\\\/\\\/alexmendozalaw.com\\\/abogado\\\/?s={search_term_string}\"},\"query-input\":{\"@type\":\"PropertyValueSpecification\",\"valueRequired\":true,\"valueName\":\"search_term_string\"}}],\"inLanguage\":\"en-US\"}]}<\/script>\n<!-- \/ Yoast SEO plugin. -->","yoast_head_json":{"title":"Abogados de Defensa Criminal | Indian\u00e1polis, IN","description":"\u00bfAcusado de un delito? Asegura tu defensa con Alex Mendoza Law, tu abogado de defensa criminal comprometido a proteger tus derechos legales. Cont\u00e1ctanos hoy mismo.","robots":{"index":"index","follow":"follow","max-snippet":"max-snippet:-1","max-image-preview":"max-image-preview:large","max-video-preview":"max-video-preview:-1"},"canonical":"https:\/\/alexmendozalaw.com\/abogado\/acusacionescriminales\/","og_locale":"en_US","og_type":"article","og_title":"Abogados de Defensa Criminal | Indian\u00e1polis, IN","og_description":"\u00bfAcusado de un delito? Asegura tu defensa con Alex Mendoza Law, tu abogado de defensa criminal comprometido a proteger tus derechos legales. Cont\u00e1ctanos hoy mismo.","og_url":"https:\/\/alexmendozalaw.com\/abogado\/acusacionescriminales\/","og_site_name":"Alex Mendoza Spanish","article_publisher":"https:\/\/www.facebook.com\/AlexMendozaAttorney\/","article_modified_time":"2025-12-24T06:06:12+00:00","og_image":[{"width":745,"height":188,"url":"https:\/\/alexmendozalaw.com\/abogado\/wp-content\/uploads\/sites\/2\/2024\/04\/dark-logo-alex-mendoza.png","type":"image\/png"}],"twitter_card":"summary_large_image","twitter_misc":{"Est. reading time":"8 minutes"},"schema":{"@context":"https:\/\/schema.org","@graph":[{"@type":"WebPage","@id":"https:\/\/alexmendozalaw.com\/abogado\/acusacionescriminales\/","url":"https:\/\/alexmendozalaw.com\/abogado\/acusacionescriminales\/","name":"Abogados de Defensa Criminal | Indian\u00e1polis, IN","isPartOf":{"@id":"https:\/\/alexmendozalaw.com\/abogado\/#website"},"primaryImageOfPage":{"@id":"https:\/\/alexmendozalaw.com\/abogado\/acusacionescriminales\/#primaryimage"},"image":{"@id":"https:\/\/alexmendozalaw.com\/abogado\/acusacionescriminales\/#primaryimage"},"thumbnailUrl":"https:\/\/alexmendozalaw.com\/abogado\/wp-content\/uploads\/sites\/2\/2024\/04\/dark-logo-alex-mendoza.png","datePublished":"2024-03-22T15:35:44+00:00","dateModified":"2025-12-24T06:06:12+00:00","description":"\u00bfAcusado de un delito? Asegura tu defensa con Alex Mendoza Law, tu abogado de defensa criminal comprometido a proteger tus derechos legales. Cont\u00e1ctanos hoy mismo.","breadcrumb":{"@id":"https:\/\/alexmendozalaw.com\/abogado\/acusacionescriminales\/#breadcrumb"},"inLanguage":"en-US","potentialAction":[{"@type":"ReadAction","target":["https:\/\/alexmendozalaw.com\/abogado\/acusacionescriminales\/"]}]},{"@type":"ImageObject","inLanguage":"en-US","@id":"https:\/\/alexmendozalaw.com\/abogado\/acusacionescriminales\/#primaryimage","url":"https:\/\/alexmendozalaw.com\/abogado\/wp-content\/uploads\/sites\/2\/2024\/04\/dark-logo-alex-mendoza.png","contentUrl":"https:\/\/alexmendozalaw.com\/abogado\/wp-content\/uploads\/sites\/2\/2024\/04\/dark-logo-alex-mendoza.png","width":745,"height":188,"caption":"Alex-Mendoza Law Logo"},{"@type":"BreadcrumbList","@id":"https:\/\/alexmendozalaw.com\/abogado\/acusacionescriminales\/#breadcrumb","itemListElement":[{"@type":"ListItem","position":1,"name":"Home","item":"https:\/\/alexmendozalaw.com\/abogado\/"},{"@type":"ListItem","position":2,"name":"Acusaciones criminales"}]},{"@type":"WebSite","@id":"https:\/\/alexmendozalaw.com\/abogado\/#website","url":"https:\/\/alexmendozalaw.com\/abogado\/","name":"Alex Mendoza Spanish","description":"","potentialAction":[{"@type":"SearchAction","target":{"@type":"EntryPoint","urlTemplate":"https:\/\/alexmendozalaw.com\/abogado\/?s={search_term_string}"},"query-input":{"@type":"PropertyValueSpecification","valueRequired":true,"valueName":"search_term_string"}}],"inLanguage":"en-US"}]}},"_links":{"self":[{"href":"https:\/\/alexmendozalaw.com\/abogado\/wp-json\/wp\/v2\/pages\/1446","targetHints":{"allow":["GET"]}}],"collection":[{"href":"https:\/\/alexmendozalaw.com\/abogado\/wp-json\/wp\/v2\/pages"}],"about":[{"href":"https:\/\/alexmendozalaw.com\/abogado\/wp-json\/wp\/v2\/types\/page"}],"author":[{"embeddable":true,"href":"https:\/\/alexmendozalaw.com\/abogado\/wp-json\/wp\/v2\/users\/12"}],"replies":[{"embeddable":true,"href":"https:\/\/alexmendozalaw.com\/abogado\/wp-json\/wp\/v2\/comments?post=1446"}],"version-history":[{"count":7,"href":"https:\/\/alexmendozalaw.com\/abogado\/wp-json\/wp\/v2\/pages\/1446\/revisions"}],"predecessor-version":[{"id":2306,"href":"https:\/\/alexmendozalaw.com\/abogado\/wp-json\/wp\/v2\/pages\/1446\/revisions\/2306"}],"wp:featuredmedia":[{"embeddable":true,"href":"https:\/\/alexmendozalaw.com\/abogado\/wp-json\/wp\/v2\/media\/2025"}],"wp:attachment":[{"href":"https:\/\/alexmendozalaw.com\/abogado\/wp-json\/wp\/v2\/media?parent=1446"}],"curies":[{"name":"wp","href":"https:\/\/api.w.org\/{rel}","templated":true}]}}