{"id":1416,"date":"2024-03-22T08:47:48","date_gmt":"2024-03-22T08:47:48","guid":{"rendered":"https:\/\/alexmendozalaw.com\/abogado\/?page_id=1416"},"modified":"2025-12-24T01:07:15","modified_gmt":"2025-12-24T06:07:15","slug":"lesiones-personales","status":"publish","type":"page","link":"https:\/\/alexmendozalaw.com\/abogado\/lesiones-personales\/","title":{"rendered":"Lesiones Personales"},"content":{"rendered":"\r\n<p>Alex Mendoza Law<\/p>\r\n<h1>abogado de lesiones personales Indianapolis, IN<\/h1>\r\n<p>C\u00f3mo deber\u00eda trabajar para usted un abogado de lesiones personalesProbablemente se sienta estresado por ahora. Si est\u00e1 viendo esta p\u00e1gina, probablemente haya resultado herido de alguna manera y necesite nuestra ayuda. Ya sea un accidente automovil\u00edstico, una mordedura de perro u otra lesi\u00f3n grave, podemos decirle si tiene derecho o no a una compensaci\u00f3n.Trabajar con compa\u00f1\u00edas de seguros puede resultar lento y frustrante. Es posible que se sienta reh\u00e9n y totalmente abrumado por el proceso. En Alex Mendoza Law nuestros abogados de lesiones personales eliminar\u00e1n el estr\u00e9s de las compa\u00f1\u00edas de seguros, el papeleo, las llamadas telef\u00f3nicas, los archivos y la incertidumbre de no saber qu\u00e9 hacer a continuaci\u00f3n. Trabajamos bajo presi\u00f3n para lograr mejores resultados. No paga si no ganamos.<\/p>\r\n<p><a role=\"button\" href=\"https:\/\/bit.ly\/alexmendozalawonlinebooking\" target=\"_blank\" rel=\"noopener\" aria-label=\"\u00bfCu\u00e1nto vale su caso?\"> \u00bfCu\u00e1nto vale su caso? <\/a> Abogado de lesiones personales<\/p>\r\n<h2>Conseguir un Abogado<\/h2>\r\n<form id=\"gform_1\" action=\"https:\/\/alexmendozalaw.com\/abogado\/lesiones-personales\/?fl_builder&amp;fl_builder_ui_iframe#gf_1\" enctype=\"multipart\/form-data\" method=\"post\" novalidate=\"\" target=\"gform_ajax_frame_1\" data-formid=\"1\"><label class=\"gfield_label gform-field-label\" for=\"input_1_1\">Name(Required)<\/label><input id=\"input_1_1\" class=\"large\" tabindex=\"100\" name=\"input_1\" type=\"text\" value=\"\" placeholder=\"Nombre*\" aria-required=\"true\" aria-invalid=\"false\" \/><label class=\"gfield_label gform-field-label\" for=\"input_1_6\">Phone(Required)<\/label><input id=\"input_1_6\" class=\"large\" tabindex=\"101\" name=\"input_6\" type=\"tel\" value=\"\" placeholder=\"Tel\u00e9fono*\" aria-required=\"true\" aria-invalid=\"false\" \/><label class=\"gfield_label gform-field-label\" for=\"input_1_4\">Email(Required)<\/label> <input id=\"input_1_4\" class=\"large\" tabindex=\"102\" name=\"input_4\" type=\"email\" value=\"\" placeholder=\"Correo electr\u00f3nico*\" aria-required=\"true\" aria-invalid=\"false\" \/> <label class=\"gfield_label gform-field-label\" for=\"input_1_5\">Message(Required)<\/label><textarea id=\"input_1_5\" class=\"textarea small\" tabindex=\"103\" cols=\"50\" name=\"input_5\" rows=\"10\" placeholder=\"Mensaje*\" aria-required=\"true\" aria-invalid=\"false\"><\/textarea><fieldset id=\"field_1_8\"><legend class=\"gfield_label gform-field-label gfield_label_before_complex\">Consent(Required)<\/legend><input id=\"input_1_8_1\" tabindex=\"104\" name=\"input_8.1\" type=\"checkbox\" value=\"1\" aria-required=\"true\" aria-invalid=\"false\" \/> <label for=\"input_1_8_1\">Al marcar esta casilla, acepto recibir mensajes de texto de Alex Mendoza Law en este n\u00famero de tel\u00e9fono m\u00f3vil.(Required)<\/label><input class=\"gform_hidden\" name=\"input_8.2\" type=\"hidden\" value=\"Al marcar esta casilla, acepto recibir mensajes de texto de Alex Mendoza Law en este n\u00famero de tel\u00e9fono m\u00f3vil.\" \/><input class=\"gform_hidden\" name=\"input_8.3\" type=\"hidden\" value=\"3\" \/><\/fieldset><label class=\"gfield_label gform-field-label\" for=\"input_1_7\">CAPTCHA<\/label> <input id=\"gform_submit_button_1\" class=\"gform_button button\" tabindex=\"105\" type=\"submit\" value=\"Entregar\" data-submission-type=\"submit\" \/> <input name=\"gform_ajax\" type=\"hidden\" value=\"form_id=1&amp;title=&amp;description=&amp;tabindex=100&amp;theme=gravity-theme&amp;styles=[]&amp;hash=17c5149e0a6d9b0b96ca17d0de4c0b79\" \/> <input class=\"gform_hidden\" name=\"gform_submission_method\" type=\"hidden\" value=\"iframe\" data-js=\"gform_submission_method_1\" \/> <input id=\"gform_theme_1\" class=\"gform_hidden\" name=\"gform_theme\" type=\"hidden\" value=\"gravity-theme\" data-js=\"gform_theme_1\" \/> <input id=\"gform_style_settings_1\" class=\"gform_hidden\" name=\"gform_style_settings\" type=\"hidden\" value=\"[]\" data-js=\"gform_style_settings_1\" \/> <input class=\"gform_hidden\" name=\"is_submit_1\" type=\"hidden\" value=\"1\" \/> <input class=\"gform_hidden\" name=\"gform_submit\" type=\"hidden\" value=\"1\" \/> <input class=\"gform_hidden\" name=\"gform_unique_id\" type=\"hidden\" value=\"\" \/> <input class=\"gform_hidden\" name=\"state_1\" type=\"hidden\" value=\"WyJ7XCI4LjFcIjpcIjJiMjhkZTZlNDA0MmI4M2RkZDA2OWE1ODEzOGQ2MDM2XCIsXCI4LjJcIjpcIjhiNzIyZThmNzVhYWY4ZTUzNzIxMDE4YWU0OWQ1Mjk2XCIsXCI4LjNcIjpcImQ0OTdiOGZiYzdiOWVmZjRhMmQxNDIzMTJiYWYzMjhlXCJ9IiwiMmEyYTAzMWQzMGY5NDU0MzhhMDY5Yzc2Mzg4OTdjM2EiXQ==\" \/> <input id=\"gform_target_page_number_1\" class=\"gform_hidden\" autocomplete=\"off\" name=\"gform_target_page_number_1\" type=\"hidden\" value=\"0\" \/> <input id=\"gform_source_page_number_1\" class=\"gform_hidden\" autocomplete=\"off\" name=\"gform_source_page_number_1\" type=\"hidden\" value=\"1\" \/> <input name=\"gform_field_values\" type=\"hidden\" value=\"\" \/><\/form>\r\n<p><iframe id=\"gform_ajax_frame_1\" style=\"display: none; width: 0px; height: 0px;\" title=\"This iframe contains the logic required to handle Ajax powered Gravity Forms.\" src=\"about:blank\" name=\"gform_ajax_frame_1\"><\/iframe> <img decoding=\"async\" title=\"008\" src=\"https:\/\/alexmendozalaw.com\/abogado\/wp-content\/uploads\/sites\/2\/bb-plugin\/cache\/008-square.jpg\" alt=\"008\" width=\"800\" height=\"480\" \/><\/p>\r\n<h2>Nuestra promesa de abogado de lesiones personales Indianapolis<\/h2>\r\n<p><img decoding=\"async\" title=\"Sep-M.png\" src=\"https:\/\/alexmendozalaw.com\/wp-content\/uploads\/2024\/02\/Sep-M.png.png\" alt=\"Sep-M.png\" width=\"130\" height=\"44\" \/><\/p>\r\n<p>Alex Mendoza es un abogado de lesiones personales dedicado a ayudarlo a usted y a su familia a obtener la compensaci\u00f3n que merecen y a brindar un servicio personalizado y receptivo en cada paso del camino. Un buen abogado de lesiones personales no s\u00f3lo maneja su reclamo por lesiones personales, sino que tambi\u00e9n lo ayuda con su reclamo por los da\u00f1os a su autom\u00f3vil. Entendemos las dificultades financieras de las v\u00edctimas de accidentes con lesiones personales. Si usted o un ser querido ha estado involucrado en un accidente que ha resultado en una lesi\u00f3n personal, ya sea una lesi\u00f3n personal debido a un accidente automovil\u00edstico, una lesi\u00f3n personal debido a un resbal\u00f3n y una ca\u00edda, o una lesi\u00f3n personal debido a una accidente de motocicleta, llame a un abogado de lesiones personales que pueda ayudarle.<\/p>\r\n<p>Alex Mendoza fund\u00f3 nuestras oficinas legales sobre el principio de que los abogados de lesiones personales deben poseer una \u00e9tica de trabajo agresiva y compasiva. Utilizando nuestro conocimiento y experiencia, trabajamos duro para resolver su caso r\u00e1pidamente.<\/p>\r\n<h3>No hable con ninguna compa\u00f1\u00eda de seguros antes de llamar a su abogado de lesiones personales, Alex Mendoza.<\/h3>\r\n<h2>Abogados de lesiones personales que brindan representaci\u00f3n completa<\/h2>\r\n<p>Brindamos representaci\u00f3n calificada para todo tipo de accidentes automovil\u00edsticos. Estamos decididos a obtener un acuerdo completo y justo por lesiones personales para nuestros clientes y sus familias. Manejamos una variedad de tipos de accidentes con lesiones personales, que incluyen:<\/p>\r\n<ul>\r\n<li>Accidentes automovil\u00edsticos<\/li>\r\n<li>Accidentes de peatones\/bicicletas<\/li>\r\n<li>Accidentes de motocicleta<\/li>\r\n<\/ul>\r\n<ul>\r\n<li>Resbalones y ca\u00eddas<\/li>\r\n<li>Compensaci\u00f3n al Trabajador\/accidentes de trabajo<\/li>\r\n<\/ul>\r\n<p><a role=\"button\" href=\"https:\/\/bit.ly\/alexmendozalawonlinebooking\" target=\"_blank\" rel=\"noopener\" aria-label=\"Contacte con nosotros\"> Contacte con nosotros <\/a> <picture><source srcset=\"https:\/\/alexmendozalaw.com\/abogado\/wp-content\/uploads\/sites\/2\/2024\/03\/adobestock-294531204-1024x683-1.webp 1024w,https:\/\/alexmendozalaw.com\/abogado\/wp-content\/uploads\/sites\/2\/2024\/03\/adobestock-294531204-1024x683-1-300x200.webp 300w,https:\/\/alexmendozalaw.com\/abogado\/wp-content\/uploads\/sites\/2\/2024\/03\/adobestock-294531204-1024x683-1-768x512.webp 768w\" sizes=\"(max-width: 1024px) 100vw, 1024px\" type=\"image\/webp\"><img src=\"https:\/\/alexmendozalaw.com\/abogado\/wp-content\/uploads\/sites\/2\/2024\/03\/adobestock-294531204-1024x683-1.webp\" height=\"683\" width=\"1024\" srcset=\"https:\/\/alexmendozalaw.com\/abogado\/wp-content\/uploads\/sites\/2\/2024\/03\/adobestock-294531204-1024x683-1.webp 1024w, https:\/\/alexmendozalaw.com\/abogado\/wp-content\/uploads\/sites\/2\/2024\/03\/adobestock-294531204-1024x683-1-300x200.webp 300w, https:\/\/alexmendozalaw.com\/abogado\/wp-content\/uploads\/sites\/2\/2024\/03\/adobestock-294531204-1024x683-1-768x512.webp 768w\" sizes=\"(max-width: 1024px) 100vw, 1024px\" class=\" sp-no-webp\" alt=\"adobestock-294531204-1024x683\" decoding=\"async\" title=\"adobestock-294531204-1024x683\"  > <\/picture><\/p>\r\n<h2>Luchemos juntos<\/h2>\r\n<p><a href=\"https:\/\/bit.ly\/alexmendozalawonlinebooking\" target=\"_blank\" rel=\"noopener\"> <img decoding=\"async\" src=\"https:\/\/alexmendozalaw.com\/wp-content\/uploads\/2024\/03\/Cert-Top-Rated.png\" alt=\"\" \/><\/a><\/p>\r\n<h3>Los m\u00e1s valorados<\/h3>\r\n<p><a href=\"https:\/\/bit.ly\/alexmendozalawonlinebooking\" target=\"_blank\" rel=\"noopener\"> <img decoding=\"async\" src=\"https:\/\/alexmendozalaw.com\/wp-content\/uploads\/2024\/02\/civil-right-1.png\" alt=\"\" \/><\/a><\/p>\r\n<h3>Garant\u00eda de \u00e9xito del caso<\/h3>\r\n<p><a href=\"https:\/\/bit.ly\/alexmendozalawonlinebooking\" target=\"_blank\" rel=\"noopener\"> <img decoding=\"async\" src=\"https:\/\/alexmendozalaw.com\/wp-content\/uploads\/2024\/03\/rely.png\" alt=\"\" \/><\/a><\/p>\r\n<h3>Confianza del cliente<\/h3>\r\n<h2>Servicios Relacionados<\/h2>\r\n<p><a href=\"\/abogado\/lesiones-personales\/\" target=\"_self\" aria-label=\"Ley de Lesiones\"> <img decoding=\"async\" src=\"https:\/\/alexmendozalaw.com\/wp-content\/uploads\/2024\/02\/Injury-icon.png\" alt=\"\" \/> <\/a><\/p>\r\n<h3>Ley de Lesiones<\/h3>\r\n<p>Ya sea que haya sido lesionado por negligencia o actos intencionales, nuestros abogados poseen la experiencia para defender su caso.<\/p>\r\n<p><a role=\"button\" href=\"\/abogado\/lesiones-personales\/\" target=\"_self\"> Aprende m\u00e1s <\/a> <a href=\"\/abogado\/accidente-de-autos\/\" target=\"_self\" aria-label=\"Accidentes Automovil\u00edsticos\"> <img decoding=\"async\" src=\"https:\/\/alexmendozalaw.com\/wp-content\/uploads\/2024\/02\/car-accident-icon.png\" alt=\"\" \/> <\/a><\/p>\r\n<h3>Accidentes Automovil\u00edsticos<\/h3>\r\n<p>Nuestro equipo capacitado ofrece apoyo incansable y perspicacia legal despu\u00e9s de accidentes, asegurando que su voz sea escuchada.<\/p>\r\n<p><a role=\"button\" href=\"\/abogado\/accidente-de-autos\/\" target=\"_self\"> Aprende m\u00e1s <\/a> <a href=\"\/abogado\/acusacionescriminales\/\" target=\"_self\" aria-label=\"Acusaciones Criminales\"> <img decoding=\"async\" src=\"https:\/\/alexmendozalaw.com\/wp-content\/uploads\/2024\/03\/Criminal-mis.png\" alt=\"\" \/> <\/a><\/p>\r\n<h3>Acusaciones Criminales<\/h3>\r\n<p>Alex Mendoza Law est\u00e1 comprometido a construir el caso m\u00e1s s\u00f3lido posible para nuestros clientes. Si usted o un ser querido ha sido acusado de un delito.<\/p>\r\n<p><a role=\"button\" href=\"\/abogado\/acusacionescriminales\/\" target=\"_self\"> Aprende m\u00e1s <\/a><\/p>\r\n","protected":false},"excerpt":{"rendered":"<p>Alex Mendoza Law abogado de lesiones personales Indianapolis, IN C\u00f3mo deber\u00eda trabajar para usted un abogado de lesiones personalesProbablemente se sienta estresado por ahora. Si est\u00e1 viendo esta p\u00e1gina, probablemente haya resultado herido de alguna manera y necesite nuestra ayuda. Ya sea un accidente automovil\u00edstico, una mordedura de perro u otra lesi\u00f3n grave, podemos decirle&hellip;<\/p>\n","protected":false},"author":12,"featured_media":2025,"parent":0,"menu_order":0,"comment_status":"closed","ping_status":"closed","template":"","meta":{"footnotes":""},"class_list":["post-1416","page","type-page","status-publish","has-post-thumbnail","hentry"],"yoast_head":"<!-- This site is optimized with the Yoast SEO plugin v27.5 - https:\/\/yoast.com\/product\/yoast-seo-wordpress\/ -->\n<title>Abogado de Lesiones Personales en Indian\u00e1polis, IN<\/title>\n<meta name=\"description\" content=\"\u00bfBuscas a un abogado de lesiones personales en Indian\u00e1polis, IN? En la firma de Alex Mendoza te ofrecemos una representaci\u00f3n profesional para ayudarte a ganar la indemnizaci\u00f3n que mereces. Cont\u00e1ctanos ahora.\" \/>\n<meta name=\"robots\" content=\"index, follow, max-snippet:-1, max-image-preview:large, max-video-preview:-1\" \/>\n<link rel=\"canonical\" href=\"https:\/\/alexmendozalaw.com\/abogado\/lesiones-personales\/\" \/>\n<meta property=\"og:locale\" content=\"en_US\" \/>\n<meta property=\"og:type\" content=\"article\" \/>\n<meta property=\"og:title\" content=\"Abogado de Lesiones Personales en Indian\u00e1polis, IN\" \/>\n<meta property=\"og:description\" content=\"\u00bfBuscas a un abogado de lesiones personales en Indian\u00e1polis, IN? En la firma de Alex Mendoza te ofrecemos una representaci\u00f3n profesional para ayudarte a ganar la indemnizaci\u00f3n que mereces. Cont\u00e1ctanos ahora.\" \/>\n<meta property=\"og:url\" content=\"https:\/\/alexmendozalaw.com\/abogado\/lesiones-personales\/\" \/>\n<meta property=\"og:site_name\" content=\"Alex Mendoza Spanish\" \/>\n<meta property=\"article:publisher\" content=\"https:\/\/www.facebook.com\/AlexMendozaAttorney\/\" \/>\n<meta property=\"article:modified_time\" content=\"2025-12-24T06:07:15+00:00\" \/>\n<meta property=\"og:image\" content=\"https:\/\/alexmendozalaw.com\/abogado\/wp-content\/uploads\/sites\/2\/2024\/04\/dark-logo-alex-mendoza.png\" \/>\n\t<meta property=\"og:image:width\" content=\"745\" \/>\n\t<meta property=\"og:image:height\" content=\"188\" \/>\n\t<meta property=\"og:image:type\" content=\"image\/png\" \/>\n<meta name=\"twitter:card\" content=\"summary_large_image\" \/>\n<meta name=\"twitter:label1\" content=\"Est. reading time\" \/>\n\t<meta name=\"twitter:data1\" content=\"6 minutes\" \/>\n<script type=\"application\/ld+json\" class=\"yoast-schema-graph\">{\"@context\":\"https:\\\/\\\/schema.org\",\"@graph\":[{\"@type\":\"WebPage\",\"@id\":\"https:\\\/\\\/alexmendozalaw.com\\\/abogado\\\/lesiones-personales\\\/\",\"url\":\"https:\\\/\\\/alexmendozalaw.com\\\/abogado\\\/lesiones-personales\\\/\",\"name\":\"Abogado de Lesiones Personales en Indian\u00e1polis, IN\",\"isPartOf\":{\"@id\":\"https:\\\/\\\/alexmendozalaw.com\\\/abogado\\\/#website\"},\"primaryImageOfPage\":{\"@id\":\"https:\\\/\\\/alexmendozalaw.com\\\/abogado\\\/lesiones-personales\\\/#primaryimage\"},\"image\":{\"@id\":\"https:\\\/\\\/alexmendozalaw.com\\\/abogado\\\/lesiones-personales\\\/#primaryimage\"},\"thumbnailUrl\":\"https:\\\/\\\/alexmendozalaw.com\\\/abogado\\\/wp-content\\\/uploads\\\/sites\\\/2\\\/2024\\\/04\\\/dark-logo-alex-mendoza.png\",\"datePublished\":\"2024-03-22T08:47:48+00:00\",\"dateModified\":\"2025-12-24T06:07:15+00:00\",\"description\":\"\u00bfBuscas a un abogado de lesiones personales en Indian\u00e1polis, IN? En la firma de Alex Mendoza te ofrecemos una representaci\u00f3n profesional para ayudarte a ganar la indemnizaci\u00f3n que mereces. Cont\u00e1ctanos ahora.\",\"breadcrumb\":{\"@id\":\"https:\\\/\\\/alexmendozalaw.com\\\/abogado\\\/lesiones-personales\\\/#breadcrumb\"},\"inLanguage\":\"en-US\",\"potentialAction\":[{\"@type\":\"ReadAction\",\"target\":[\"https:\\\/\\\/alexmendozalaw.com\\\/abogado\\\/lesiones-personales\\\/\"]}]},{\"@type\":\"ImageObject\",\"inLanguage\":\"en-US\",\"@id\":\"https:\\\/\\\/alexmendozalaw.com\\\/abogado\\\/lesiones-personales\\\/#primaryimage\",\"url\":\"https:\\\/\\\/alexmendozalaw.com\\\/abogado\\\/wp-content\\\/uploads\\\/sites\\\/2\\\/2024\\\/04\\\/dark-logo-alex-mendoza.png\",\"contentUrl\":\"https:\\\/\\\/alexmendozalaw.com\\\/abogado\\\/wp-content\\\/uploads\\\/sites\\\/2\\\/2024\\\/04\\\/dark-logo-alex-mendoza.png\",\"width\":745,\"height\":188,\"caption\":\"Alex-Mendoza Law Logo\"},{\"@type\":\"BreadcrumbList\",\"@id\":\"https:\\\/\\\/alexmendozalaw.com\\\/abogado\\\/lesiones-personales\\\/#breadcrumb\",\"itemListElement\":[{\"@type\":\"ListItem\",\"position\":1,\"name\":\"Home\",\"item\":\"https:\\\/\\\/alexmendozalaw.com\\\/abogado\\\/\"},{\"@type\":\"ListItem\",\"position\":2,\"name\":\"Lesiones Personales\"}]},{\"@type\":\"WebSite\",\"@id\":\"https:\\\/\\\/alexmendozalaw.com\\\/abogado\\\/#website\",\"url\":\"https:\\\/\\\/alexmendozalaw.com\\\/abogado\\\/\",\"name\":\"Alex Mendoza Spanish\",\"description\":\"\",\"potentialAction\":[{\"@type\":\"SearchAction\",\"target\":{\"@type\":\"EntryPoint\",\"urlTemplate\":\"https:\\\/\\\/alexmendozalaw.com\\\/abogado\\\/?s={search_term_string}\"},\"query-input\":{\"@type\":\"PropertyValueSpecification\",\"valueRequired\":true,\"valueName\":\"search_term_string\"}}],\"inLanguage\":\"en-US\"}]}<\/script>\n<!-- \/ Yoast SEO plugin. -->","yoast_head_json":{"title":"Abogado de Lesiones Personales en Indian\u00e1polis, IN","description":"\u00bfBuscas a un abogado de lesiones personales en Indian\u00e1polis, IN? En la firma de Alex Mendoza te ofrecemos una representaci\u00f3n profesional para ayudarte a ganar la indemnizaci\u00f3n que mereces. Cont\u00e1ctanos ahora.","robots":{"index":"index","follow":"follow","max-snippet":"max-snippet:-1","max-image-preview":"max-image-preview:large","max-video-preview":"max-video-preview:-1"},"canonical":"https:\/\/alexmendozalaw.com\/abogado\/lesiones-personales\/","og_locale":"en_US","og_type":"article","og_title":"Abogado de Lesiones Personales en Indian\u00e1polis, IN","og_description":"\u00bfBuscas a un abogado de lesiones personales en Indian\u00e1polis, IN? En la firma de Alex Mendoza te ofrecemos una representaci\u00f3n profesional para ayudarte a ganar la indemnizaci\u00f3n que mereces. Cont\u00e1ctanos ahora.","og_url":"https:\/\/alexmendozalaw.com\/abogado\/lesiones-personales\/","og_site_name":"Alex Mendoza Spanish","article_publisher":"https:\/\/www.facebook.com\/AlexMendozaAttorney\/","article_modified_time":"2025-12-24T06:07:15+00:00","og_image":[{"width":745,"height":188,"url":"https:\/\/alexmendozalaw.com\/abogado\/wp-content\/uploads\/sites\/2\/2024\/04\/dark-logo-alex-mendoza.png","type":"image\/png"}],"twitter_card":"summary_large_image","twitter_misc":{"Est. reading time":"6 minutes"},"schema":{"@context":"https:\/\/schema.org","@graph":[{"@type":"WebPage","@id":"https:\/\/alexmendozalaw.com\/abogado\/lesiones-personales\/","url":"https:\/\/alexmendozalaw.com\/abogado\/lesiones-personales\/","name":"Abogado de Lesiones Personales en Indian\u00e1polis, IN","isPartOf":{"@id":"https:\/\/alexmendozalaw.com\/abogado\/#website"},"primaryImageOfPage":{"@id":"https:\/\/alexmendozalaw.com\/abogado\/lesiones-personales\/#primaryimage"},"image":{"@id":"https:\/\/alexmendozalaw.com\/abogado\/lesiones-personales\/#primaryimage"},"thumbnailUrl":"https:\/\/alexmendozalaw.com\/abogado\/wp-content\/uploads\/sites\/2\/2024\/04\/dark-logo-alex-mendoza.png","datePublished":"2024-03-22T08:47:48+00:00","dateModified":"2025-12-24T06:07:15+00:00","description":"\u00bfBuscas a un abogado de lesiones personales en Indian\u00e1polis, IN? En la firma de Alex Mendoza te ofrecemos una representaci\u00f3n profesional para ayudarte a ganar la indemnizaci\u00f3n que mereces. Cont\u00e1ctanos ahora.","breadcrumb":{"@id":"https:\/\/alexmendozalaw.com\/abogado\/lesiones-personales\/#breadcrumb"},"inLanguage":"en-US","potentialAction":[{"@type":"ReadAction","target":["https:\/\/alexmendozalaw.com\/abogado\/lesiones-personales\/"]}]},{"@type":"ImageObject","inLanguage":"en-US","@id":"https:\/\/alexmendozalaw.com\/abogado\/lesiones-personales\/#primaryimage","url":"https:\/\/alexmendozalaw.com\/abogado\/wp-content\/uploads\/sites\/2\/2024\/04\/dark-logo-alex-mendoza.png","contentUrl":"https:\/\/alexmendozalaw.com\/abogado\/wp-content\/uploads\/sites\/2\/2024\/04\/dark-logo-alex-mendoza.png","width":745,"height":188,"caption":"Alex-Mendoza Law Logo"},{"@type":"BreadcrumbList","@id":"https:\/\/alexmendozalaw.com\/abogado\/lesiones-personales\/#breadcrumb","itemListElement":[{"@type":"ListItem","position":1,"name":"Home","item":"https:\/\/alexmendozalaw.com\/abogado\/"},{"@type":"ListItem","position":2,"name":"Lesiones Personales"}]},{"@type":"WebSite","@id":"https:\/\/alexmendozalaw.com\/abogado\/#website","url":"https:\/\/alexmendozalaw.com\/abogado\/","name":"Alex Mendoza Spanish","description":"","potentialAction":[{"@type":"SearchAction","target":{"@type":"EntryPoint","urlTemplate":"https:\/\/alexmendozalaw.com\/abogado\/?s={search_term_string}"},"query-input":{"@type":"PropertyValueSpecification","valueRequired":true,"valueName":"search_term_string"}}],"inLanguage":"en-US"}]}},"_links":{"self":[{"href":"https:\/\/alexmendozalaw.com\/abogado\/wp-json\/wp\/v2\/pages\/1416","targetHints":{"allow":["GET"]}}],"collection":[{"href":"https:\/\/alexmendozalaw.com\/abogado\/wp-json\/wp\/v2\/pages"}],"about":[{"href":"https:\/\/alexmendozalaw.com\/abogado\/wp-json\/wp\/v2\/types\/page"}],"author":[{"embeddable":true,"href":"https:\/\/alexmendozalaw.com\/abogado\/wp-json\/wp\/v2\/users\/12"}],"replies":[{"embeddable":true,"href":"https:\/\/alexmendozalaw.com\/abogado\/wp-json\/wp\/v2\/comments?post=1416"}],"version-history":[{"count":7,"href":"https:\/\/alexmendozalaw.com\/abogado\/wp-json\/wp\/v2\/pages\/1416\/revisions"}],"predecessor-version":[{"id":2308,"href":"https:\/\/alexmendozalaw.com\/abogado\/wp-json\/wp\/v2\/pages\/1416\/revisions\/2308"}],"wp:featuredmedia":[{"embeddable":true,"href":"https:\/\/alexmendozalaw.com\/abogado\/wp-json\/wp\/v2\/media\/2025"}],"wp:attachment":[{"href":"https:\/\/alexmendozalaw.com\/abogado\/wp-json\/wp\/v2\/media?parent=1416"}],"curies":[{"name":"wp","href":"https:\/\/api.w.org\/{rel}","templated":true}]}}