{"id":1410,"date":"2024-03-22T08:38:39","date_gmt":"2024-03-22T08:38:39","guid":{"rendered":"https:\/\/alexmendozalaw.com\/abogado\/?page_id=1410"},"modified":"2024-11-29T02:50:29","modified_gmt":"2024-11-29T07:50:29","slug":"carreras","status":"publish","type":"page","link":"https:\/\/alexmendozalaw.com\/abogado\/carreras\/","title":{"rendered":"Carreras"},"content":{"rendered":"\n\n\t\t\t\t\t\t\t\t\t<img decoding=\"async\" src=\"https:\/\/alexmendozalaw.com\/wp-content\/uploads\/2024\/02\/Sep-M.png.png\" alt=\"Sep-M.png\" itemprop=\"image\" height=\"44\" width=\"130\" title=\"Sep-M.png\" onerror=\"this.style.display='none'\"  \/>\n<h1>\n\t\tCareers\n\t<\/h1>\n<h2>\n\t\t\u00a1Aplique ya!\n\t<\/h2>\n\t\t\t\t\t\t\t&quot;*&quot; indicates required fields\n                        <form method='post' enctype='multipart\/form-data' target='gform_ajax_frame_2' id='gform_2'  action='\/abogado\/?page_id=1410&#038;fl_builder#gf_2' data-formid='2' novalidate>\n                        <label class='gfield_label gform-field-label' for='input_2_1'>Nombre*<\/label><input name='input_1' id='input_2_1' type='text' value='' class='large'   tabindex='100'  aria-required=\"true\" aria-invalid=\"false\"   \/><label class='gfield_label gform-field-label' for='input_2_6'>Tel\u00e9fono*<\/label><input name='input_6' id='input_2_6' type='tel' value='' class='large' tabindex='101'  aria-required=\"true\" aria-invalid=\"false\"   \/><label class='gfield_label gform-field-label' for='input_2_4'>Correo electr\u00f3nico*<\/label>\n                            <input name='input_4' id='input_2_4' type='email' value='' class='large' tabindex='102'   aria-required=\"true\" aria-invalid=\"false\"  \/>\n                        <label class='gfield_label gform-field-label' for='input_2_7'>\u00bfC\u00f3mo se enter\u00f3 de nosotros?<\/label><select name='input_7' id='input_2_7' class='large gfield_select' tabindex='103'    aria-invalid=\"false\"><option value='' selected='selected' class='gf_placeholder'>How did you hear about us?<\/option><option value='Seleccionar'>Seleccionar<\/option><option value='Google'>Google<\/option><option value='Facebook'>Facebook<\/option><option value='Instagram'>Instagram<\/option><option value='yelp'>yelp<\/option><option value='Otro'>Otro<\/option><\/select><label class='gfield_label gform-field-label' for='input_2_5'>Describa su conjunto de habilidades<\/label><textarea name='input_5' id='input_2_5' class='textarea small' tabindex='104'     aria-invalid=\"false\"   rows='10' cols='50'><\/textarea><label class='gfield_label gform-field-label' for='input_2_9'>\u00bfQu\u00e9 capacitaciones y certificaciones tiene?<\/label><input name='input_9' id='input_2_9' type='text' value='' class='large'   tabindex='105'   aria-invalid=\"false\"   \/><label class='gfield_label gform-field-label' for='input_2_8'>\u00bfTiene usted alguna pregunta?<\/label><textarea name='input_8' id='input_2_8' class='textarea small' tabindex='106'     aria-invalid=\"false\"   rows='10' cols='50'><\/textarea><label class='gfield_label gform-field-label' for='input_2_10'>Curr\u00edculum (opcional)<\/label><input type='hidden' name='MAX_FILE_SIZE' value='1536000' \/><input name='input_10' id='input_2_10' type='file' class='large' aria-describedby=\"gfield_upload_rules_2_10\" onchange='javascript:gformValidateFileSize( this, 1536000 );' tabindex='107' \/>Accepted file types: pdf, docx, Max. file size: 1 MB.<fieldset id=\"field_2_12\"  data-js-reload=\"field_2_12\"><legend class='gfield_label gform-field-label gfield_label_before_complex'>Consent*<\/legend><input name='input_12.1' id='input_2_12_1' type='checkbox' value='1' tabindex='108'  aria-required=\"true\" aria-invalid=\"false\"   \/> <label for='input_2_12_1'>Al marcar esta casilla, acepto recibir mensajes de texto de Alex Mendoza Law en este n\u00famero de tel\u00e9fono m\u00f3vil.*<\/label><input type='hidden' name='input_12.2' value='Al marcar esta casilla, acepto recibir mensajes de texto de Alex Mendoza Law en este n\u00famero de tel\u00e9fono m\u00f3vil.' class='gform_hidden' \/><input type='hidden' name='input_12.3' value='1' class='gform_hidden' \/><\/fieldset><label class='gfield_label gform-field-label' for='input_2_11'>CAPTCHA<\/label><label class='gfield_label gform-field-label' for='input_2_14'>Email<\/label><input name='input_14' id='input_2_14' type='text' value='' autocomplete='new-password'\/>This field is for validation purposes and should be left unchanged.\n         <input type='submit' id='gform_submit_button_2' class='gform_button button' onclick='gform.submission.handleButtonClick(this)' value='Entregar' tabindex='109' \/> <input type='hidden' name='gform_ajax' value='form_id=2&amp;title=&amp;description=&amp;tabindex=100&amp;theme=gravity-theme' \/>\n            <input type='hidden' class='gform_hidden' name='gform_submission_method' data-js='gform_submission_method_2' value='iframe' \/>\n            <input type='hidden' class='gform_hidden' name='is_submit_2' value='1' \/>\n            <input type='hidden' class='gform_hidden' name='gform_submit' value='2' \/>\n            <input type='hidden' class='gform_hidden' name='gform_unique_id' value='' \/>\n            <input type='hidden' class='gform_hidden' name='state_2' value='WyJ7XCI3XCI6W1wiYmZmMjYzMDNkMzNiNjE0MTNkYzAyNGE3OTBkNTA1ZGFcIixcIjU0MjE2ZGQ1ODBlYmM1MTdmOWFlYTIyN2JiZDUwNDQ2XCIsXCI4ZTJiMTA0YjM3ZWRlYWE1YTgyNmJiNGI3ZjU4Yjc5N1wiLFwiNGE2MGMwNTM5ZjFjZDM0YjgwOTJmMzE3Yzc3NjY2OTFcIixcIjljYTdhM2I2N2E2NmQ2MzI5ZDVkNmMzNGJiYjY1MWJjXCIsXCI0MDY0MTYyYTlhZmFiMDYzMjRiYjdkODAwNTk3Y2Y1NlwiXSxcIjEyLjFcIjpcIjJiMjhkZTZlNDA0MmI4M2RkZDA2OWE1ODEzOGQ2MDM2XCIsXCIxMi4yXCI6XCI4YjcyMmU4Zjc1YWFmOGU1MzcyMTAxOGFlNDlkNTI5NlwiLFwiMTIuM1wiOlwiMmIyOGRlNmU0MDQyYjgzZGRkMDY5YTU4MTM4ZDYwMzZcIn0iLCJjZmU5ZDE3M2NhZTAwZGY4Njk5YmE5YTc4NjAzMmFkMSJd' \/>\n            <input type='hidden' autocomplete='off' class='gform_hidden' name='gform_target_page_number_2' id='gform_target_page_number_2' value='0' \/>\n            <input type='hidden' autocomplete='off' class='gform_hidden' name='gform_source_page_number_2' id='gform_source_page_number_2' value='1' \/>\n            <input type='hidden' name='gform_field_values' value='' \/>\n                        <\/form>\n\t\t                <iframe style='display:none;width:0px;height:0px;' src='about:blank' name='gform_ajax_frame_2' id='gform_ajax_frame_2' title='This iframe contains the logic required to handle Ajax powered Gravity Forms.'><\/iframe>\n\t\t\t\t\t\t\t\t\t<picture><source srcset=\"https:\/\/alexmendozalaw.com\/abogado\/wp-content\/uploads\/sites\/2\/2024\/02\/abogado-logo.webp 885w,https:\/\/alexmendozalaw.com\/abogado\/wp-content\/uploads\/sites\/2\/2024\/02\/abogado-logo-300x68.webp 300w,https:\/\/alexmendozalaw.com\/abogado\/wp-content\/uploads\/sites\/2\/2024\/02\/abogado-logo-768x175.webp 768w\" sizes=\"(max-width: 885px) 100vw, 885px\" type=\"image\/webp\"><img src=\"https:\/\/alexmendozalaw.com\/abogado\/wp-content\/uploads\/sites\/2\/2024\/02\/abogado-logo.webp\" height=\"202\" width=\"885\" srcset=\"https:\/\/alexmendozalaw.com\/abogado\/wp-content\/uploads\/sites\/2\/2024\/02\/abogado-logo.webp 885w, https:\/\/alexmendozalaw.com\/abogado\/wp-content\/uploads\/sites\/2\/2024\/02\/abogado-logo-300x68.webp 300w, https:\/\/alexmendozalaw.com\/abogado\/wp-content\/uploads\/sites\/2\/2024\/02\/abogado-logo-768x175.webp 768w\" sizes=\"(max-width: 885px) 100vw, 885px\" class=\" sp-no-webp\" alt=\"abogado-logo\" decoding=\"async\" itemprop=\"image\" title=\"abogado-logo\" onerror=\"this.style.display=&#039;none&#039;\"  > <\/picture>\n\t<p>Alex Mendoza Law trabaja en casos de colisiones de autom\u00f3viles, motocicletas y camiones; accidentes por resbalones y ca\u00eddas; y casos de abuso sexual. Si ha sufrido lesiones o da\u00f1os, ya sea f\u00edsicos o mentales, debido a la negligencia o conducta intencional de otra persona, \u00a1perm\u00edtanos ayudarlo! Nuestros abogados altamente calificados est\u00e1n licenciados en Indiana e Illinois, y cuentan con oficinas estrat\u00e9gicamente ubicadas en Hammond, Indiana, y en el centro de Chicago, en el \u00e1rea de Loop.<\/p>\n\t\t\t\t\t\t\t\t\t\tAbogado de lesiones personales\n\t\t\t\t\t<p><strong>Responsabilidades laborales:<\/strong><\/p>\n<ul>\n<li>Representar a clientes en casos de lesiones personales, incluyendo, pero no limitado a, accidentes automovil\u00edsticos, resbalones y ca\u00eddas, y de perro.<\/li>\n<li>Realizar investigaciones exhaustivas, recopilar evidencia y construir casos s\u00f3lidos en nombre de nuestros clientes.<\/li>\n<li>Comunicarse eficazmente con los clientes, los abogados de la parte contraria y las compa\u00f1\u00edas de seguros.<\/li>\n<\/ul>\n<p><strong>Requisitos:<\/strong><\/p>\n<ul>\n<li>Titulo de Juris Doctor (J.D.) de una escuela de leyes acreditada.<\/li>\n<li>Licencia activa para ejercer la abogac\u00eda en Indiana, USA.<\/li>\n<li>Experiencia probada en el manejo de casos de lesiones personales, con un historial exitoso de obtener resultados favorables para los clientes.<\/li>\n<li>Habilidades s\u00f3lidas de negociaci\u00f3n, comunicaci\u00f3n y defensa.<\/li>\n<li>Capacidad para trabajar de forma independiente y colaborativa en un entorno acelerado.<\/li>\n<li>Compasi\u00f3n, empat\u00eda y dedicaci\u00f3n para satisfacer las necesidades de nuestros clientes.<\/li>\n<\/ul>\n\t\t\t\t\t\t\t\t\t\tAsistente Legal de Litigios\n\t\t\t\t\t<p><strong>Responsabilidades laborales:<\/strong><\/p>\n<ul>\n<li>Representar a clientes en casos de lesiones personales, incluyendo, pero no limitado a accidentes de auto, resbalones y ca\u00eddas, y de perro.<\/li>\n<li>Realizar investigaciones exhaustivas, recopilar evidencia y construir casos s\u00f3lidos en nombre de nuestros clientes.<\/li>\n<li>Comunicarse efectivamente con clientes, abogados de la parte contraria y compa\u00f1\u00edas de seguros.<\/li>\n<\/ul>\n<p><strong>Requisitos:<\/strong><\/p>\n<ul>\n<li>Experiencia comprobada trabajando en el \u00e1mbito legal.<\/li>\n<\/ul>\n\n","protected":false},"excerpt":{"rendered":"<p>Careers \u00a1Aplique ya! &quot;*&quot; indicates required fields Nombre*Tel\u00e9fono*Correo electr\u00f3nico* \u00bfC\u00f3mo se enter\u00f3 de nosotros?How did you hear about us?SeleccionarGoogleFacebookInstagramyelpOtroDescriba su conjunto de habilidades\u00bfQu\u00e9 capacitaciones y certificaciones tiene?\u00bfTiene usted alguna pregunta?Curr\u00edculum (opcional)Accepted file types: pdf, docx, Max. file size: 1 MB. Consent* Al marcar esta casilla, acepto recibir mensajes de texto de Alex Mendoza Law en&hellip;<\/p>\n","protected":false},"author":12,"featured_media":2025,"parent":0,"menu_order":0,"comment_status":"closed","ping_status":"closed","template":"","meta":{"footnotes":""},"class_list":["post-1410","page","type-page","status-publish","has-post-thumbnail","hentry"],"yoast_head":"<!-- This site is optimized with the Yoast SEO plugin v27.3 - https:\/\/yoast.com\/product\/yoast-seo-wordpress\/ -->\n<title>Carreras - \u00danete a Nuestro Equipo| Abogado de Lesiones Personales<\/title>\n<meta name=\"description\" content=\"La firma de Alex Mendoza es un equipo dedicado de profesionales del derecho comprometidos con marcar la diferencia en las vidas de nuestros clientes y nuestra comunidad. \u00danete a nuestro equipo.\" \/>\n<meta name=\"robots\" content=\"index, follow, max-snippet:-1, max-image-preview:large, max-video-preview:-1\" \/>\n<link rel=\"canonical\" href=\"https:\/\/alexmendozalaw.com\/abogado\/carreras\/\" \/>\n<meta property=\"og:locale\" content=\"en_US\" \/>\n<meta property=\"og:type\" content=\"article\" \/>\n<meta property=\"og:title\" content=\"Carreras - \u00danete a Nuestro Equipo| Abogado de Lesiones Personales\" \/>\n<meta property=\"og:description\" content=\"La firma de Alex Mendoza es un equipo dedicado de profesionales del derecho comprometidos con marcar la diferencia en las vidas de nuestros clientes y nuestra comunidad. \u00danete a nuestro equipo.\" \/>\n<meta property=\"og:url\" content=\"https:\/\/alexmendozalaw.com\/abogado\/carreras\/\" \/>\n<meta property=\"og:site_name\" content=\"Alex Mendoza Spanish\" \/>\n<meta property=\"article:publisher\" content=\"https:\/\/www.facebook.com\/AlexMendozaAttorney\/\" \/>\n<meta property=\"article:modified_time\" content=\"2024-11-29T07:50:29+00:00\" \/>\n<meta property=\"og:image\" content=\"https:\/\/alexmendozalaw.com\/abogado\/wp-content\/uploads\/sites\/2\/2024\/04\/dark-logo-alex-mendoza.png\" \/>\n\t<meta property=\"og:image:width\" content=\"745\" \/>\n\t<meta property=\"og:image:height\" content=\"188\" \/>\n\t<meta property=\"og:image:type\" content=\"image\/png\" \/>\n<meta name=\"twitter:card\" content=\"summary_large_image\" \/>\n<meta name=\"twitter:label1\" content=\"Est. reading time\" \/>\n\t<meta name=\"twitter:data1\" content=\"3 minutes\" \/>\n<script type=\"application\/ld+json\" class=\"yoast-schema-graph\">{\"@context\":\"https:\\\/\\\/schema.org\",\"@graph\":[{\"@type\":\"WebPage\",\"@id\":\"https:\\\/\\\/alexmendozalaw.com\\\/abogado\\\/carreras\\\/\",\"url\":\"https:\\\/\\\/alexmendozalaw.com\\\/abogado\\\/carreras\\\/\",\"name\":\"Carreras - \u00danete a Nuestro Equipo| Abogado de Lesiones Personales\",\"isPartOf\":{\"@id\":\"https:\\\/\\\/alexmendozalaw.com\\\/abogado\\\/#website\"},\"primaryImageOfPage\":{\"@id\":\"https:\\\/\\\/alexmendozalaw.com\\\/abogado\\\/carreras\\\/#primaryimage\"},\"image\":{\"@id\":\"https:\\\/\\\/alexmendozalaw.com\\\/abogado\\\/carreras\\\/#primaryimage\"},\"thumbnailUrl\":\"https:\\\/\\\/alexmendozalaw.com\\\/abogado\\\/wp-content\\\/uploads\\\/sites\\\/2\\\/2024\\\/04\\\/dark-logo-alex-mendoza.png\",\"datePublished\":\"2024-03-22T08:38:39+00:00\",\"dateModified\":\"2024-11-29T07:50:29+00:00\",\"description\":\"La firma de Alex Mendoza es un equipo dedicado de profesionales del derecho comprometidos con marcar la diferencia en las vidas de nuestros clientes y nuestra comunidad. \u00danete a nuestro equipo.\",\"breadcrumb\":{\"@id\":\"https:\\\/\\\/alexmendozalaw.com\\\/abogado\\\/carreras\\\/#breadcrumb\"},\"inLanguage\":\"en-US\",\"potentialAction\":[{\"@type\":\"ReadAction\",\"target\":[\"https:\\\/\\\/alexmendozalaw.com\\\/abogado\\\/carreras\\\/\"]}]},{\"@type\":\"ImageObject\",\"inLanguage\":\"en-US\",\"@id\":\"https:\\\/\\\/alexmendozalaw.com\\\/abogado\\\/carreras\\\/#primaryimage\",\"url\":\"https:\\\/\\\/alexmendozalaw.com\\\/abogado\\\/wp-content\\\/uploads\\\/sites\\\/2\\\/2024\\\/04\\\/dark-logo-alex-mendoza.png\",\"contentUrl\":\"https:\\\/\\\/alexmendozalaw.com\\\/abogado\\\/wp-content\\\/uploads\\\/sites\\\/2\\\/2024\\\/04\\\/dark-logo-alex-mendoza.png\",\"width\":745,\"height\":188,\"caption\":\"Alex-Mendoza Law Logo\"},{\"@type\":\"BreadcrumbList\",\"@id\":\"https:\\\/\\\/alexmendozalaw.com\\\/abogado\\\/carreras\\\/#breadcrumb\",\"itemListElement\":[{\"@type\":\"ListItem\",\"position\":1,\"name\":\"Home\",\"item\":\"https:\\\/\\\/alexmendozalaw.com\\\/abogado\\\/\"},{\"@type\":\"ListItem\",\"position\":2,\"name\":\"Carreras\"}]},{\"@type\":\"WebSite\",\"@id\":\"https:\\\/\\\/alexmendozalaw.com\\\/abogado\\\/#website\",\"url\":\"https:\\\/\\\/alexmendozalaw.com\\\/abogado\\\/\",\"name\":\"Alex Mendoza Spanish\",\"description\":\"\",\"potentialAction\":[{\"@type\":\"SearchAction\",\"target\":{\"@type\":\"EntryPoint\",\"urlTemplate\":\"https:\\\/\\\/alexmendozalaw.com\\\/abogado\\\/?s={search_term_string}\"},\"query-input\":{\"@type\":\"PropertyValueSpecification\",\"valueRequired\":true,\"valueName\":\"search_term_string\"}}],\"inLanguage\":\"en-US\"}]}<\/script>\n<!-- \/ Yoast SEO plugin. -->","yoast_head_json":{"title":"Carreras - \u00danete a Nuestro Equipo| Abogado de Lesiones Personales","description":"La firma de Alex Mendoza es un equipo dedicado de profesionales del derecho comprometidos con marcar la diferencia en las vidas de nuestros clientes y nuestra comunidad. \u00danete a nuestro equipo.","robots":{"index":"index","follow":"follow","max-snippet":"max-snippet:-1","max-image-preview":"max-image-preview:large","max-video-preview":"max-video-preview:-1"},"canonical":"https:\/\/alexmendozalaw.com\/abogado\/carreras\/","og_locale":"en_US","og_type":"article","og_title":"Carreras - \u00danete a Nuestro Equipo| Abogado de Lesiones Personales","og_description":"La firma de Alex Mendoza es un equipo dedicado de profesionales del derecho comprometidos con marcar la diferencia en las vidas de nuestros clientes y nuestra comunidad. \u00danete a nuestro equipo.","og_url":"https:\/\/alexmendozalaw.com\/abogado\/carreras\/","og_site_name":"Alex Mendoza Spanish","article_publisher":"https:\/\/www.facebook.com\/AlexMendozaAttorney\/","article_modified_time":"2024-11-29T07:50:29+00:00","og_image":[{"width":745,"height":188,"url":"https:\/\/alexmendozalaw.com\/abogado\/wp-content\/uploads\/sites\/2\/2024\/04\/dark-logo-alex-mendoza.png","type":"image\/png"}],"twitter_card":"summary_large_image","twitter_misc":{"Est. reading time":"3 minutes"},"schema":{"@context":"https:\/\/schema.org","@graph":[{"@type":"WebPage","@id":"https:\/\/alexmendozalaw.com\/abogado\/carreras\/","url":"https:\/\/alexmendozalaw.com\/abogado\/carreras\/","name":"Carreras - \u00danete a Nuestro Equipo| Abogado de Lesiones Personales","isPartOf":{"@id":"https:\/\/alexmendozalaw.com\/abogado\/#website"},"primaryImageOfPage":{"@id":"https:\/\/alexmendozalaw.com\/abogado\/carreras\/#primaryimage"},"image":{"@id":"https:\/\/alexmendozalaw.com\/abogado\/carreras\/#primaryimage"},"thumbnailUrl":"https:\/\/alexmendozalaw.com\/abogado\/wp-content\/uploads\/sites\/2\/2024\/04\/dark-logo-alex-mendoza.png","datePublished":"2024-03-22T08:38:39+00:00","dateModified":"2024-11-29T07:50:29+00:00","description":"La firma de Alex Mendoza es un equipo dedicado de profesionales del derecho comprometidos con marcar la diferencia en las vidas de nuestros clientes y nuestra comunidad. \u00danete a nuestro equipo.","breadcrumb":{"@id":"https:\/\/alexmendozalaw.com\/abogado\/carreras\/#breadcrumb"},"inLanguage":"en-US","potentialAction":[{"@type":"ReadAction","target":["https:\/\/alexmendozalaw.com\/abogado\/carreras\/"]}]},{"@type":"ImageObject","inLanguage":"en-US","@id":"https:\/\/alexmendozalaw.com\/abogado\/carreras\/#primaryimage","url":"https:\/\/alexmendozalaw.com\/abogado\/wp-content\/uploads\/sites\/2\/2024\/04\/dark-logo-alex-mendoza.png","contentUrl":"https:\/\/alexmendozalaw.com\/abogado\/wp-content\/uploads\/sites\/2\/2024\/04\/dark-logo-alex-mendoza.png","width":745,"height":188,"caption":"Alex-Mendoza Law Logo"},{"@type":"BreadcrumbList","@id":"https:\/\/alexmendozalaw.com\/abogado\/carreras\/#breadcrumb","itemListElement":[{"@type":"ListItem","position":1,"name":"Home","item":"https:\/\/alexmendozalaw.com\/abogado\/"},{"@type":"ListItem","position":2,"name":"Carreras"}]},{"@type":"WebSite","@id":"https:\/\/alexmendozalaw.com\/abogado\/#website","url":"https:\/\/alexmendozalaw.com\/abogado\/","name":"Alex Mendoza Spanish","description":"","potentialAction":[{"@type":"SearchAction","target":{"@type":"EntryPoint","urlTemplate":"https:\/\/alexmendozalaw.com\/abogado\/?s={search_term_string}"},"query-input":{"@type":"PropertyValueSpecification","valueRequired":true,"valueName":"search_term_string"}}],"inLanguage":"en-US"}]}},"_links":{"self":[{"href":"https:\/\/alexmendozalaw.com\/abogado\/wp-json\/wp\/v2\/pages\/1410","targetHints":{"allow":["GET"]}}],"collection":[{"href":"https:\/\/alexmendozalaw.com\/abogado\/wp-json\/wp\/v2\/pages"}],"about":[{"href":"https:\/\/alexmendozalaw.com\/abogado\/wp-json\/wp\/v2\/types\/page"}],"author":[{"embeddable":true,"href":"https:\/\/alexmendozalaw.com\/abogado\/wp-json\/wp\/v2\/users\/12"}],"replies":[{"embeddable":true,"href":"https:\/\/alexmendozalaw.com\/abogado\/wp-json\/wp\/v2\/comments?post=1410"}],"version-history":[{"count":5,"href":"https:\/\/alexmendozalaw.com\/abogado\/wp-json\/wp\/v2\/pages\/1410\/revisions"}],"predecessor-version":[{"id":2206,"href":"https:\/\/alexmendozalaw.com\/abogado\/wp-json\/wp\/v2\/pages\/1410\/revisions\/2206"}],"wp:featuredmedia":[{"embeddable":true,"href":"https:\/\/alexmendozalaw.com\/abogado\/wp-json\/wp\/v2\/media\/2025"}],"wp:attachment":[{"href":"https:\/\/alexmendozalaw.com\/abogado\/wp-json\/wp\/v2\/media?parent=1410"}],"curies":[{"name":"wp","href":"https:\/\/api.w.org\/{rel}","templated":true}]}}