{"id":1406,"date":"2024-03-22T08:37:14","date_gmt":"2024-03-22T08:37:14","guid":{"rendered":"https:\/\/alexmendozalaw.com\/abogado\/?page_id=1406"},"modified":"2025-01-21T23:11:10","modified_gmt":"2025-01-22T04:11:10","slug":"contactanos-espanol","status":"publish","type":"page","link":"https:\/\/alexmendozalaw.com\/abogado\/contactanos-espanol\/","title":{"rendered":"Cont\u00e1ctanos"},"content":{"rendered":"\n\n\t\t\t\t\t\t\t\t\t<img decoding=\"async\" src=\"https:\/\/alexmendozalaw.com\/wp-content\/uploads\/2024\/02\/Sep-M.png.png\" alt=\"Sep-M.png\" itemprop=\"image\" height=\"44\" width=\"130\" title=\"Sep-M.png\" onerror=\"this.style.display='none'\"  \/>\n<h1>\n\t\tCont\u00e1ctenos\n\t<\/h1>\n\t<p>Queremos invitarle a que se comunique con nosotros para que obtenga una revisi\u00f3n gratuita de su caso o una evaluaci\u00f3n de lesi\u00f3n para poder ayudarle.<\/p>\n<h2>\n\t\tObtenga hoy mismo una evaluaci\u00f3n gratuita de su lesi\u00f3n\n\t<\/h2>\n\t\t\t\t\t\t\t&quot;*&quot; indicates required fields\n                        <form method='post' enctype='multipart\/form-data' target='gform_ajax_frame_3' id='gform_3'  action='\/abogado\/?page_id=1406&#038;fl_builder#gf_3' data-formid='3' novalidate>\n                        <label class='gfield_label gform-field-label' for='input_3_1'>Nombre*<\/label><input name='input_1' id='input_3_1' type='text' value='' class='large'   tabindex='100' placeholder='Name*' aria-required=\"true\" aria-invalid=\"false\"   \/><label class='gfield_label gform-field-label' for='input_3_2'>Correo electr\u00f3nico*<\/label>\n                            <input name='input_2' id='input_3_2' type='email' value='' class='large' tabindex='101'  placeholder='Email*' aria-required=\"true\" aria-invalid=\"false\"  \/>\n                        <label class='gfield_label gform-field-label' for='input_3_3'>Tel\u00e9fono*<\/label><input name='input_3' id='input_3_3' type='tel' value='' class='large' tabindex='102' placeholder='Phone*' aria-required=\"true\" aria-invalid=\"false\"   \/><fieldset id=\"field_3_4\"  data-js-reload=\"field_3_4\"><legend class='gfield_label gform-field-label'>\u00bfTrasladado en ambulancia?*<\/legend>\n\t\t\t\t\t<input class='gfield-choice-input' name='input_4' type='radio' value='S\u00cd'  id='choice_3_4_0' onchange='gformToggleRadioOther( this )'  tabindex='103'  \/>\n\t\t\t\t\t<label for='choice_3_4_0' id='label_3_4_0' class='gform-field-label gform-field-label--type-inline'>S\u00cd<\/label>\n\t\t\t\t\t<input class='gfield-choice-input' name='input_4' type='radio' value='No'  id='choice_3_4_1' onchange='gformToggleRadioOther( this )'  tabindex='104'  \/>\n\t\t\t\t\t<label for='choice_3_4_1' id='label_3_4_1' class='gform-field-label gform-field-label--type-inline'>No<\/label>\n\t\t\t<\/fieldset><label class='gfield_label gform-field-label' for='input_3_5'>\u00bfQu\u00e9 tipo de lesi\u00f3n tiene?<\/label><select name='input_5' id='input_3_5' class='large gfield_select' tabindex='105'    aria-invalid=\"false\"><option value='' selected='selected' class='gf_placeholder'>\u00bfQu\u00e9 tipo de lesi\u00f3n tiene?<\/option><option value='Cabeza'>Cabeza<\/option><option value='Cuello'>Cuello<\/option><option value='Atr\u00e1s'>Atr\u00e1s<\/option><option value='Pecho'>Pecho<\/option><option value='Brazos'>Brazos<\/option><option value='Piernas'>Piernas<\/option><\/select><label class='gfield_label gform-field-label' for='input_3_7'>Costos de sus gastos m\u00e9dicos<\/label><input name='input_7' id='input_3_7' type='text' value='' class='large'   tabindex='106' placeholder='Costos de sus gastos m\u00e9dicos'  aria-invalid=\"false\"   \/><label class='gfield_label gform-field-label' for='input_3_9'>\u00bfQu\u00e9 tipo de choque tuvo?<\/label><select name='input_9' id='input_3_9' class='large gfield_select' tabindex='107'    aria-invalid=\"false\"><option value='' selected='selected' class='gf_placeholder'>\u00bfQu\u00e9 tipo de choque tuvo?<\/option><option value='De frente parte'>De frente parte<\/option><option value='Atr\u00e1s'>Atr\u00e1s<\/option><option value='O lado'>O lado<\/option><option value='No estoy seguro'>No estoy seguro<\/option><\/select><fieldset id=\"field_3_10\"  data-js-reload=\"field_3_10\"><legend class='gfield_label gform-field-label'>\u00bfSeguro de autom\u00f3vil?<\/legend>\n\t\t\t\t\t<input class='gfield-choice-input' name='input_10' type='radio' value='S\u00cd'  id='choice_3_10_0' onchange='gformToggleRadioOther( this )'  tabindex='108'  \/>\n\t\t\t\t\t<label for='choice_3_10_0' id='label_3_10_0' class='gform-field-label gform-field-label--type-inline'>S\u00cd<\/label>\n\t\t\t\t\t<input class='gfield-choice-input' name='input_10' type='radio' value='No'  id='choice_3_10_1' onchange='gformToggleRadioOther( this )'  tabindex='109'  \/>\n\t\t\t\t\t<label for='choice_3_10_1' id='label_3_10_1' class='gform-field-label gform-field-label--type-inline'>No<\/label>\n\t\t\t<\/fieldset><fieldset id=\"field_3_12\"  data-js-reload=\"field_3_12\"><legend class='gfield_label gform-field-label gfield_label_before_complex'>Consent*<\/legend><input name='input_12.1' id='input_3_12_1' type='checkbox' value='1' tabindex='110'  aria-required=\"true\" aria-invalid=\"false\"   \/> <label for='input_3_12_1'>Al marcar esta casilla, acepto recibir mensajes de texto de Alex Mendoza Law en este n\u00famero de tel\u00e9fono m\u00f3vil.*<\/label><input type='hidden' name='input_12.2' value='Al marcar esta casilla, acepto recibir mensajes de texto de Alex Mendoza Law en este n\u00famero de tel\u00e9fono m\u00f3vil.' class='gform_hidden' \/><input type='hidden' name='input_12.3' value='2' class='gform_hidden' \/><\/fieldset><label class='gfield_label gform-field-label' for='input_3_11'>CAPTCHA<\/label><label class='gfield_label gform-field-label' for='input_3_13'>Name<\/label><input name='input_13' id='input_3_13' type='text' value='' autocomplete='new-password'\/>This field is for validation purposes and should be left unchanged.\n         <input type='submit' id='gform_submit_button_3' class='gform_button button' onclick='gform.submission.handleButtonClick(this);' value='Entregar' tabindex='111' \/> <input type='hidden' name='gform_ajax' value='form_id=3&amp;title=&amp;description=&amp;tabindex=100&amp;theme=gravity-theme&amp;hash=6bfdcad3a87dc97ef443c4f1bdead1fd' \/>\n            <input type='hidden' class='gform_hidden' name='gform_submission_method' data-js='gform_submission_method_3' value='iframe' \/>\n            <input type='hidden' class='gform_hidden' name='gform_theme' data-js='gform_theme_3' id='gform_theme_3' value='gravity-theme' \/>\n            <input type='hidden' class='gform_hidden' name='gform_style_settings' data-js='gform_style_settings_3' id='gform_style_settings_3' value='' \/>\n            <input type='hidden' class='gform_hidden' name='is_submit_3' value='1' \/>\n            <input type='hidden' class='gform_hidden' name='gform_submit' value='3' \/>\n            <input type='hidden' class='gform_hidden' name='gform_unique_id' value='' \/>\n            <input type='hidden' class='gform_hidden' name='state_3' value='WyJ7XCI0XCI6W1wiNjA1MWZmY2EyZWY0MDhkNzNkMTVlY2VmZGRkNDZmODBcIixcIjljZDc5ZTc3NzQ4OGMyZmY1ODg2ZjgzNWYzMGNiOWU3XCJdLFwiNVwiOltcImQzOGE2YzJjZDIxODE4MGE2YjY1NjMxNjRiYzI4YTY3XCIsXCJjZTdkYTMyOGY2ZjZmNDRjMzIxOTU3NTU2ODc4NjFkN1wiLFwiOWVmOGIyMzFkMjRkYzhmMjA3ZGNiNzNmM2FmM2U1ODNcIixcIjhkNGNmN2JjMWE2ODlkMzViYzYwODgwNGQ1NGY2NmFmXCIsXCJiZWI1NjFlNDkwYTUyMTIwM2YwODBhNGMwODdkNDE4OVwiLFwiMDkyZjQzMTc3ZjkwODM1YjRiNmY1ZDRiYzY2ODIyYzJcIl0sXCI5XCI6W1wiYjU2NTYxYmFmZTRhODc2OTFhNjI3YjRkZGQxMzU3ZDNcIixcIjllZjhiMjMxZDI0ZGM4ZjIwN2RjYjczZjNhZjNlNTgzXCIsXCJlNWY3N2UwYThlNTU1NDA2YzYwYWU2NDhjMzQwMWQ0N1wiLFwiYjU3Y2RmY2RjYmVkZjRlNTYxMDE3NGQ5OTY5Zjg3NTdcIl0sXCIxMFwiOltcIjYwNTFmZmNhMmVmNDA4ZDczZDE1ZWNlZmRkZDQ2ZjgwXCIsXCI5Y2Q3OWU3Nzc0ODhjMmZmNTg4NmY4MzVmMzBjYjllN1wiXSxcIjEyLjFcIjpcIjJiMjhkZTZlNDA0MmI4M2RkZDA2OWE1ODEzOGQ2MDM2XCIsXCIxMi4yXCI6XCI4YjcyMmU4Zjc1YWFmOGU1MzcyMTAxOGFlNDlkNTI5NlwiLFwiMTIuM1wiOlwiNTBiNWUzYTRhZTE5MWU4NDY2ZjQwZWU1NDk5OWUzMmRcIn0iLCJkYzJmNmNkZWE1ODM1ODNhMmIxZTVkMzM2NTQzYzA5MCJd' \/>\n            <input type='hidden' autocomplete='off' class='gform_hidden' name='gform_target_page_number_3' id='gform_target_page_number_3' value='0' \/>\n            <input type='hidden' autocomplete='off' class='gform_hidden' name='gform_source_page_number_3' id='gform_source_page_number_3' value='1' \/>\n            <input type='hidden' name='gform_field_values' value='' \/>\n                        <\/form>\n\t\t                <iframe style='display:none;width:0px;height:0px;' src='about:blank' name='gform_ajax_frame_3' id='gform_ajax_frame_3' title='This iframe contains the logic required to handle Ajax powered Gravity Forms.'><\/iframe>\n\t\t\t\t\t\t\t\t\t<picture><source srcset=\"https:\/\/alexmendozalaw.com\/abogado\/wp-content\/uploads\/sites\/2\/2024\/02\/abogado-logo.webp 885w,https:\/\/alexmendozalaw.com\/abogado\/wp-content\/uploads\/sites\/2\/2024\/02\/abogado-logo-300x68.webp 300w,https:\/\/alexmendozalaw.com\/abogado\/wp-content\/uploads\/sites\/2\/2024\/02\/abogado-logo-768x175.webp 768w\" sizes=\"(max-width: 885px) 100vw, 885px\" type=\"image\/webp\"><img src=\"https:\/\/alexmendozalaw.com\/abogado\/wp-content\/uploads\/sites\/2\/2024\/02\/abogado-logo.webp\" height=\"202\" width=\"885\" srcset=\"https:\/\/alexmendozalaw.com\/abogado\/wp-content\/uploads\/sites\/2\/2024\/02\/abogado-logo.webp 885w, https:\/\/alexmendozalaw.com\/abogado\/wp-content\/uploads\/sites\/2\/2024\/02\/abogado-logo-300x68.webp 300w, https:\/\/alexmendozalaw.com\/abogado\/wp-content\/uploads\/sites\/2\/2024\/02\/abogado-logo-768x175.webp 768w\" sizes=\"(max-width: 885px) 100vw, 885px\" class=\" sp-no-webp\" alt=\"abogado-logo\" decoding=\"async\" itemprop=\"image\" title=\"abogado-logo\" onerror=\"this.style.display=&#039;none&#039;\"  > <\/picture>\n\t<ul>\n\t\t<li>\t\t\t\t\n\t\t<p><a href=\"tel:+12192002000\" target=\"_self\"  aria-label=\"Go to tel:+12192002000\">TEL\u00c9FONO<\/a><a href=\"tel:+12192002000\">(219) 200-2000<\/a><\/p><\/li><li>\t\t\t\t\n\t\t<p><a href=\"mailto:info@alexmendozalaw.com\" target=\"_self\"  aria-label=\"Go to mailto:info@alexmendozalaw.com\">CORREO ELECTR\u00d3NICO<\/a><a href=\"mailto:info@alexmendozalaw.com\">info@alexmendozalaw.com<\/a><\/p><\/li><li>\t\t\t\t\n\t\t<p><a href=\"mailto:info@alexmendozalaw.com\" target=\"_self\"  aria-label=\"Go to mailto:info@alexmendozalaw.com\">OFICINA<\/a><a href=\"https:\/\/maps.app.goo.gl\/U3yi9Tnr7cD7McAw6\" target=\"_blank\" rel=\"noopener\">6950 Indianapolis Blvd, Hammond, IN 46324<\/a><\/p><\/li><li>\t\t\t\t\n\t\t<p>Horas de Trabajo<strong>Lunes &#8211; viernes:<\/strong>\u00a09:00am &#8211; 5:00pm<br \/><strong>S\u00e1bado &#8211; Domingo: <\/strong>Cerrado<\/p><\/li>\t<\/ul>\n\n","protected":false},"excerpt":{"rendered":"<p>Cont\u00e1ctenos Queremos invitarle a que se comunique con nosotros para que obtenga una revisi\u00f3n gratuita de su caso o una evaluaci\u00f3n de lesi\u00f3n para poder ayudarle. Obtenga hoy mismo una evaluaci\u00f3n gratuita de su lesi\u00f3n &quot;*&quot; indicates required fields Nombre*Correo electr\u00f3nico* Tel\u00e9fono* \u00bfTrasladado en ambulancia?* S\u00cd No \u00bfQu\u00e9 tipo de lesi\u00f3n tiene?\u00bfQu\u00e9 tipo de lesi\u00f3n&hellip;<\/p>\n","protected":false},"author":12,"featured_media":2025,"parent":0,"menu_order":0,"comment_status":"closed","ping_status":"closed","template":"","meta":{"footnotes":""},"class_list":["post-1406","page","type-page","status-publish","has-post-thumbnail","hentry"],"yoast_head":"<!-- This site is optimized with the Yoast SEO plugin v27.6 - https:\/\/yoast.com\/product\/yoast-seo-wordpress\/ -->\n<title>Cont\u00e1ctenos | Obtenga hoy mismo una evaluaci\u00f3n gratuita de su lesi\u00f3n<\/title>\n<meta name=\"description\" content=\"Queremos invitarle a que se comunique con nosotros para que obtenga una revisi\u00f3n gratuita de su caso o una evaluaci\u00f3n de lesi\u00f3n para poder ayudarle.\" \/>\n<meta name=\"robots\" content=\"index, follow, max-snippet:-1, max-image-preview:large, max-video-preview:-1\" \/>\n<link rel=\"canonical\" href=\"https:\/\/alexmendozalaw.com\/abogado\/contactanos-espanol\/\" \/>\n<meta property=\"og:locale\" content=\"en_US\" \/>\n<meta property=\"og:type\" content=\"article\" \/>\n<meta property=\"og:title\" content=\"Cont\u00e1ctenos | Obtenga hoy mismo una evaluaci\u00f3n gratuita de su lesi\u00f3n\" \/>\n<meta property=\"og:description\" content=\"Queremos invitarle a que se comunique con nosotros para que obtenga una revisi\u00f3n gratuita de su caso o una evaluaci\u00f3n de lesi\u00f3n para poder ayudarle.\" \/>\n<meta property=\"og:url\" content=\"https:\/\/alexmendozalaw.com\/abogado\/contactanos-espanol\/\" \/>\n<meta property=\"og:site_name\" content=\"Alex Mendoza Spanish\" \/>\n<meta property=\"article:publisher\" content=\"https:\/\/www.facebook.com\/AlexMendozaAttorney\/\" \/>\n<meta property=\"article:modified_time\" content=\"2025-01-22T04:11:10+00:00\" \/>\n<meta property=\"og:image\" content=\"https:\/\/alexmendozalaw.com\/abogado\/wp-content\/uploads\/sites\/2\/2024\/04\/dark-logo-alex-mendoza.png\" \/>\n\t<meta property=\"og:image:width\" content=\"745\" \/>\n\t<meta property=\"og:image:height\" content=\"188\" \/>\n\t<meta property=\"og:image:type\" content=\"image\/png\" \/>\n<meta name=\"twitter:card\" content=\"summary_large_image\" \/>\n<meta name=\"twitter:label1\" content=\"Est. reading time\" \/>\n\t<meta name=\"twitter:data1\" content=\"1 minute\" \/>\n<script type=\"application\/ld+json\" class=\"yoast-schema-graph\">{\"@context\":\"https:\\\/\\\/schema.org\",\"@graph\":[{\"@type\":[\"WebPage\",\"ContactPage\"],\"@id\":\"https:\\\/\\\/alexmendozalaw.com\\\/abogado\\\/contactanos-espanol\\\/\",\"url\":\"https:\\\/\\\/alexmendozalaw.com\\\/abogado\\\/contactanos-espanol\\\/\",\"name\":\"Cont\u00e1ctenos | Obtenga hoy mismo una evaluaci\u00f3n gratuita de su lesi\u00f3n\",\"isPartOf\":{\"@id\":\"https:\\\/\\\/alexmendozalaw.com\\\/abogado\\\/#website\"},\"primaryImageOfPage\":{\"@id\":\"https:\\\/\\\/alexmendozalaw.com\\\/abogado\\\/contactanos-espanol\\\/#primaryimage\"},\"image\":{\"@id\":\"https:\\\/\\\/alexmendozalaw.com\\\/abogado\\\/contactanos-espanol\\\/#primaryimage\"},\"thumbnailUrl\":\"https:\\\/\\\/alexmendozalaw.com\\\/abogado\\\/wp-content\\\/uploads\\\/sites\\\/2\\\/2024\\\/04\\\/dark-logo-alex-mendoza.png\",\"datePublished\":\"2024-03-22T08:37:14+00:00\",\"dateModified\":\"2025-01-22T04:11:10+00:00\",\"description\":\"Queremos invitarle a que se comunique con nosotros para que obtenga una revisi\u00f3n gratuita de su caso o una evaluaci\u00f3n de lesi\u00f3n para poder ayudarle.\",\"breadcrumb\":{\"@id\":\"https:\\\/\\\/alexmendozalaw.com\\\/abogado\\\/contactanos-espanol\\\/#breadcrumb\"},\"inLanguage\":\"en-US\",\"potentialAction\":[{\"@type\":\"ReadAction\",\"target\":[\"https:\\\/\\\/alexmendozalaw.com\\\/abogado\\\/contactanos-espanol\\\/\"]}]},{\"@type\":\"ImageObject\",\"inLanguage\":\"en-US\",\"@id\":\"https:\\\/\\\/alexmendozalaw.com\\\/abogado\\\/contactanos-espanol\\\/#primaryimage\",\"url\":\"https:\\\/\\\/alexmendozalaw.com\\\/abogado\\\/wp-content\\\/uploads\\\/sites\\\/2\\\/2024\\\/04\\\/dark-logo-alex-mendoza.png\",\"contentUrl\":\"https:\\\/\\\/alexmendozalaw.com\\\/abogado\\\/wp-content\\\/uploads\\\/sites\\\/2\\\/2024\\\/04\\\/dark-logo-alex-mendoza.png\",\"width\":745,\"height\":188,\"caption\":\"Alex-Mendoza Law Logo\"},{\"@type\":\"BreadcrumbList\",\"@id\":\"https:\\\/\\\/alexmendozalaw.com\\\/abogado\\\/contactanos-espanol\\\/#breadcrumb\",\"itemListElement\":[{\"@type\":\"ListItem\",\"position\":1,\"name\":\"Home\",\"item\":\"https:\\\/\\\/alexmendozalaw.com\\\/abogado\\\/\"},{\"@type\":\"ListItem\",\"position\":2,\"name\":\"Cont\u00e1ctanos\"}]},{\"@type\":\"WebSite\",\"@id\":\"https:\\\/\\\/alexmendozalaw.com\\\/abogado\\\/#website\",\"url\":\"https:\\\/\\\/alexmendozalaw.com\\\/abogado\\\/\",\"name\":\"Alex Mendoza Spanish\",\"description\":\"\",\"potentialAction\":[{\"@type\":\"SearchAction\",\"target\":{\"@type\":\"EntryPoint\",\"urlTemplate\":\"https:\\\/\\\/alexmendozalaw.com\\\/abogado\\\/?s={search_term_string}\"},\"query-input\":{\"@type\":\"PropertyValueSpecification\",\"valueRequired\":true,\"valueName\":\"search_term_string\"}}],\"inLanguage\":\"en-US\"}]}<\/script>\n<!-- \/ Yoast SEO plugin. -->","yoast_head_json":{"title":"Cont\u00e1ctenos | Obtenga hoy mismo una evaluaci\u00f3n gratuita de su lesi\u00f3n","description":"Queremos invitarle a que se comunique con nosotros para que obtenga una revisi\u00f3n gratuita de su caso o una evaluaci\u00f3n de lesi\u00f3n para poder ayudarle.","robots":{"index":"index","follow":"follow","max-snippet":"max-snippet:-1","max-image-preview":"max-image-preview:large","max-video-preview":"max-video-preview:-1"},"canonical":"https:\/\/alexmendozalaw.com\/abogado\/contactanos-espanol\/","og_locale":"en_US","og_type":"article","og_title":"Cont\u00e1ctenos | Obtenga hoy mismo una evaluaci\u00f3n gratuita de su lesi\u00f3n","og_description":"Queremos invitarle a que se comunique con nosotros para que obtenga una revisi\u00f3n gratuita de su caso o una evaluaci\u00f3n de lesi\u00f3n para poder ayudarle.","og_url":"https:\/\/alexmendozalaw.com\/abogado\/contactanos-espanol\/","og_site_name":"Alex Mendoza Spanish","article_publisher":"https:\/\/www.facebook.com\/AlexMendozaAttorney\/","article_modified_time":"2025-01-22T04:11:10+00:00","og_image":[{"width":745,"height":188,"url":"https:\/\/alexmendozalaw.com\/abogado\/wp-content\/uploads\/sites\/2\/2024\/04\/dark-logo-alex-mendoza.png","type":"image\/png"}],"twitter_card":"summary_large_image","twitter_misc":{"Est. reading time":"1 minute"},"schema":{"@context":"https:\/\/schema.org","@graph":[{"@type":["WebPage","ContactPage"],"@id":"https:\/\/alexmendozalaw.com\/abogado\/contactanos-espanol\/","url":"https:\/\/alexmendozalaw.com\/abogado\/contactanos-espanol\/","name":"Cont\u00e1ctenos | Obtenga hoy mismo una evaluaci\u00f3n gratuita de su lesi\u00f3n","isPartOf":{"@id":"https:\/\/alexmendozalaw.com\/abogado\/#website"},"primaryImageOfPage":{"@id":"https:\/\/alexmendozalaw.com\/abogado\/contactanos-espanol\/#primaryimage"},"image":{"@id":"https:\/\/alexmendozalaw.com\/abogado\/contactanos-espanol\/#primaryimage"},"thumbnailUrl":"https:\/\/alexmendozalaw.com\/abogado\/wp-content\/uploads\/sites\/2\/2024\/04\/dark-logo-alex-mendoza.png","datePublished":"2024-03-22T08:37:14+00:00","dateModified":"2025-01-22T04:11:10+00:00","description":"Queremos invitarle a que se comunique con nosotros para que obtenga una revisi\u00f3n gratuita de su caso o una evaluaci\u00f3n de lesi\u00f3n para poder ayudarle.","breadcrumb":{"@id":"https:\/\/alexmendozalaw.com\/abogado\/contactanos-espanol\/#breadcrumb"},"inLanguage":"en-US","potentialAction":[{"@type":"ReadAction","target":["https:\/\/alexmendozalaw.com\/abogado\/contactanos-espanol\/"]}]},{"@type":"ImageObject","inLanguage":"en-US","@id":"https:\/\/alexmendozalaw.com\/abogado\/contactanos-espanol\/#primaryimage","url":"https:\/\/alexmendozalaw.com\/abogado\/wp-content\/uploads\/sites\/2\/2024\/04\/dark-logo-alex-mendoza.png","contentUrl":"https:\/\/alexmendozalaw.com\/abogado\/wp-content\/uploads\/sites\/2\/2024\/04\/dark-logo-alex-mendoza.png","width":745,"height":188,"caption":"Alex-Mendoza Law Logo"},{"@type":"BreadcrumbList","@id":"https:\/\/alexmendozalaw.com\/abogado\/contactanos-espanol\/#breadcrumb","itemListElement":[{"@type":"ListItem","position":1,"name":"Home","item":"https:\/\/alexmendozalaw.com\/abogado\/"},{"@type":"ListItem","position":2,"name":"Cont\u00e1ctanos"}]},{"@type":"WebSite","@id":"https:\/\/alexmendozalaw.com\/abogado\/#website","url":"https:\/\/alexmendozalaw.com\/abogado\/","name":"Alex Mendoza Spanish","description":"","potentialAction":[{"@type":"SearchAction","target":{"@type":"EntryPoint","urlTemplate":"https:\/\/alexmendozalaw.com\/abogado\/?s={search_term_string}"},"query-input":{"@type":"PropertyValueSpecification","valueRequired":true,"valueName":"search_term_string"}}],"inLanguage":"en-US"}]}},"_links":{"self":[{"href":"https:\/\/alexmendozalaw.com\/abogado\/wp-json\/wp\/v2\/pages\/1406","targetHints":{"allow":["GET"]}}],"collection":[{"href":"https:\/\/alexmendozalaw.com\/abogado\/wp-json\/wp\/v2\/pages"}],"about":[{"href":"https:\/\/alexmendozalaw.com\/abogado\/wp-json\/wp\/v2\/types\/page"}],"author":[{"embeddable":true,"href":"https:\/\/alexmendozalaw.com\/abogado\/wp-json\/wp\/v2\/users\/12"}],"replies":[{"embeddable":true,"href":"https:\/\/alexmendozalaw.com\/abogado\/wp-json\/wp\/v2\/comments?post=1406"}],"version-history":[{"count":7,"href":"https:\/\/alexmendozalaw.com\/abogado\/wp-json\/wp\/v2\/pages\/1406\/revisions"}],"predecessor-version":[{"id":2226,"href":"https:\/\/alexmendozalaw.com\/abogado\/wp-json\/wp\/v2\/pages\/1406\/revisions\/2226"}],"wp:featuredmedia":[{"embeddable":true,"href":"https:\/\/alexmendozalaw.com\/abogado\/wp-json\/wp\/v2\/media\/2025"}],"wp:attachment":[{"href":"https:\/\/alexmendozalaw.com\/abogado\/wp-json\/wp\/v2\/media?parent=1406"}],"curies":[{"name":"wp","href":"https:\/\/api.w.org\/{rel}","templated":true}]}}